{"id":7,"date":"2021-12-27T04:01:10","date_gmt":"2021-12-27T04:01:10","guid":{"rendered":"http:\/\/localhost\/vantai\/?page_id=7"},"modified":"2021-12-27T09:51:05","modified_gmt":"2021-12-27T09:51:05","slug":"bang-gia","status":"publish","type":"page","link":"https:\/\/store1.k-tech-services.com\/vantai\/bang-gia\/","title":{"rendered":"B\u1ea3ng gi\u00e1"},"content":{"rendered":"\r\n<div class=\"container main_title\">\r\n<h1>B\u1ea3ng gi\u00e1 c\u01b0\u1edbc v\u1eadn chuy\u1ec3n<\/h1>\r\n<\/div>\r\n<div class=\"container vw-packers-inner_layout\"><main id=\"maincontent\" role=\"main\">\r\n<div class=\"middle-content\">\r\n<article id=\"post-8\" class=\"post-8 page type-page status-publish hentry\">\r\n<div class=\"vc_row wpb_row vc_row-fluid\">\r\n<div class=\"wpb_column vc_column_container vc_col-sm-12\">\r\n<div class=\"vc_column-inner\">\r\n<div class=\"wpb_wrapper\">\r\n<div class=\"wpb_text_column wpb_content_element \">\r\n<div class=\"wpb_wrapper\">\r\n<div class=\"wp-block-group\">\r\n<div class=\"wp-block-group__inner-container\">\r\n<div class=\"wp-block-group\">\r\n<div class=\"wp-block-group__inner-container\">\r\n<p>B\u1ea3ng gi\u00e1 d\u1ecbch v\u1ee5 xe t\u1ea3i ch\u1edf h\u00e0ng cho thu\u00ea<\/p>\r\n<p>D\u1ecbch v\u1ee5 v\u1eadn chuy\u1ec3n h\u00e0ng h\u00f3a ng\u00e0y c\u00e0ng tr\u1edf n\u00ean ph\u1ed5 bi\u1ebfn v\u00e0 ph\u00e1t tri\u1ec3n m\u1ea1nh trong nh\u1eefng n\u0103m g\u1ea7n \u0111\u00e2y t\u1ea1i khu v\u1ef1c mi\u1ec1n Nam, nh\u1ea5t l\u00e0 th\u00e0nh ph\u1ed1 H\u1ed3 Ch\u00ed Minh. Th\u1ebf m\u1ea1nh c\u1ee7a xe t\u1ea3i s\u1edf h\u1eefu nhi\u1ec1u \u01b0u \u0111i\u1ec3m v\u01b0\u1ee3t tr\u1ed9i nh\u01b0: Gi\u00fap ti\u1ebft ki\u1ec7m th\u1eddi gian, ti\u1ebft ki\u1ec7m chi ph\u00ed v\u00e0 ch\u1edf h\u00e0ng h\u00f3a nhanh ch\u00f3ng.<\/p>\r\n<p>C\u00f4ng ty TNHH Tr\u01b0\u1eddng Ph\u00e1t Logistics \u0111\u00e3 c\u00f3 nhi\u00ea\u0300u n\u0103m kinh nghi\u00ea\u0323m trong li\u0303nh v\u01b0\u0323c v\u1eadn chuy\u1ec3n h\u00e0ng h\u00f3a b\u1eb1ng xe t\u1ea3i, ch\u00fang t\u00f4i lu\u00f4n h\u01b0\u01a1\u0301ng \u0111\u00ea\u0301n s\u01b0\u0323 ha\u0300i lo\u0300ng v\u00e0 ni\u1ec1m tin cu\u0309a kha\u0301ch ha\u0300ng, giu\u0301p qua\u0301 tri\u0300nh ch\u01a1\u0309 ha\u0300ng di\u00ea\u0303n ra nhanh go\u0323n, an toa\u0300n va\u0300 ti\u00ea\u0323n l\u1ee3i h\u01a1n.<\/p>\r\n<p>Li\u00ean h\u1ec7 b\u00e1o gi\u00e1:\u00a0<strong>0388452452<\/strong><\/p>\r\n<\/div>\r\n<\/div>\r\n<\/div>\r\n<\/div>\r\n<p>&nbsp;<\/p>\r\n<\/div>\r\n<\/div>\r\n<div class=\"wpb_text_column wpb_content_element \">\r\n<div class=\"wpb_wrapper\">\r\n<p><a href=\"https:\/\/vantaitruongphat.com\/bao-gia-cuoc-van-chuyen\/\">Gi\u00e1 c\u01b0\u1edbc v\u1eadn chuy\u1ec3n n\u1ed9i th\u00e0nh<\/a>\u00a0Th\u00e0nh Ph\u1ed1 H\u1ed3 Ch\u00ed Minh<\/p>\r\n<\/div>\r\n<\/div>\r\n<\/div>\r\n<\/div>\r\n<\/div>\r\n<\/div>\r\n<div class=\"vc_row wpb_row vc_row-fluid\">\r\n<div class=\"wpb_column vc_column_container vc_col-sm-6\">\r\n<div class=\"vc_column-inner\">\r\n<div class=\"wpb_wrapper\">\r\n<div class=\"wpb_text_column wpb_content_element \">\r\n<div class=\"wpb_wrapper\">\r\n<p><strong><a href=\"https:\/\/vantaitruongphat.com\/bao-gia-cuoc-van-chuyen\/\">Gi\u00e1 c\u01b0\u1edbc v\u1eadn chuy\u1ec3n n\u1ed9i th\u00e0nh<\/a>\u00a0( xe &lt; 2.4 t\u1ea5n)<\/strong><\/p>\r\n<p><strong>Quy c\u00e1ch xe :<\/strong><\/p>\r\n<ul>\r\n<li>Xe t\u1ea3i 1.9 t\u1ea5n Th\u00f9ng mui b\u1ea1c ho\u1eb7c th\u00f9ng k\u00edn<\/li>\r\n<li>K\u00edch th\u01b0\u1edbt th\u00f9ng xe: \u00a0D\u00e0i 4.3 m x R\u1ed9ng 1.8 m x Cao 1.8 m<\/li>\r\n<\/ul>\r\n<p><strong>\u0110\u01a1n gi\u00e1 v\u1eadn chuy\u1ec3n :<\/strong><\/p>\r\n<ul>\r\n<li>D\u01b0\u1edbi 5 km 600.000 \u0111\u1ed3ng<\/li>\r\n<li>T\u1eeb 5 km \u0111\u1ebfn d\u01b0\u1edbi 15 km 700.000 \u0111\u1ed3ng<\/li>\r\n<li>Th\u1eddi gian ch\u1edd 50.000 \u0111\u1ed3ng\/gi\u1edd<\/li>\r\n<\/ul>\r\n<p><strong>L\u01b0u \u00fd :\u00a0<\/strong><\/p>\r\n<ul>\r\n<li>Gi\u00e1 tr\u00ean ch\u01b0a bao g\u1ed3m 10% VAT<\/li>\r\n<li>Gi\u00e1 tr\u00ean ch\u01b0a bao g\u1ed3m ph\u00ed b\u1ed1c v\u00e1c<\/li>\r\n<li>Gi\u00e1 tr\u00ean ch\u01b0a bao g\u1ed3m ph\u00ed c\u1ea7u \u0111\u01b0\u1eddng, b\u1ebfn b\u00e3i (n\u1ebfu c\u00f3)<\/li>\r\n<\/ul>\r\n<\/div>\r\n<\/div>\r\n<\/div>\r\n<\/div>\r\n<\/div>\r\n<div class=\"wpb_column vc_column_container vc_col-sm-6\">\r\n<div class=\"vc_column-inner\">\r\n<div class=\"wpb_wrapper\">\r\n<div class=\"wpb_text_column wpb_content_element \">\r\n<div class=\"wpb_wrapper\">\r\n<p><strong>Gi\u00e1 c\u01b0\u1edbc cho thu\u00ea xe t\u1ea3i n\u1eb7ng (xe tr\u00ean 2.5 t\u1ea5n)<\/strong><\/p>\r\n<p><strong>Xe t\u1ea3i 5 t\u1ea5n<\/strong><\/p>\r\n<ul>\r\n<li>K\u00edch th\u01b0\u1edbt th\u00f9ng xe: \u00a0D\u00e0i 6 m x R\u1ed9ng 2.2 m x Cao 2.2 m<\/li>\r\n<\/ul>\r\n<p><strong>\u0110\u01a1n gi\u00e1 v\u1eadn chuy\u1ec3n :<\/strong><\/p>\r\n<ul>\r\n<li>D\u01b0\u1edbi 5 km 1.000.000 \u0111\u1ed3ng<\/li>\r\n<li>T\u1eeb 5 km \u0111\u1ebfn d\u01b0\u1edbi 15 km 1.200.000 \u0111\u1ed3ng<\/li>\r\n<li>Th\u1eddi gian ch\u1edd 50.000 \u0111\u1ed3ng\/gi\u1edd<\/li>\r\n<\/ul>\r\n<p><strong>Xe t\u1ea3i 10 t\u1ea5n<\/strong><\/p>\r\n<ul>\r\n<li>K\u00edch th\u01b0\u1edbt th\u00f9ng xe: \u00a0D\u00e0i 7.6 m x R\u1ed9ng 2.2 m x Cao 2.2 m<\/li>\r\n<\/ul>\r\n<p><strong>\u0110\u01a1n gi\u00e1 v\u1eadn chuy\u1ec3n :<\/strong><\/p>\r\n<ul>\r\n<li>D\u01b0\u1edbi 5 km 1.500.000 \u0111\u1ed3ng<\/li>\r\n<li>T\u1eeb 5 km \u0111\u1ebfn d\u01b0\u1edbi 15 km 1.700.000 \u0111\u1ed3ng<\/li>\r\n<li>Th\u1eddi gian ch\u1edd 50.000 \u0111\u1ed3ng\/gi\u1edd<\/li>\r\n<\/ul>\r\n<p><strong>L\u01b0u \u00fd :\u00a0<\/strong><\/p>\r\n<ul>\r\n<li>Gi\u00e1 tr\u00ean ch\u01b0a bao g\u1ed3m 10% VAT<\/li>\r\n<li>Gi\u00e1 tr\u00ean ch\u01b0a bao g\u1ed3m ph\u00ed b\u1ed1c v\u00e1c<\/li>\r\n<li>Gi\u00e1 tr\u00ean ch\u01b0a bao g\u1ed3m ph\u00ed c\u1ea7u \u0111\u01b0\u1eddng, b\u1ebfn b\u00e3i (n\u1ebfu c\u00f3)<\/li>\r\n<\/ul>\r\n<\/div>\r\n<\/div>\r\n<\/div>\r\n<\/div>\r\n<\/div>\r\n<\/div>\r\n<div class=\"vc_row wpb_row vc_row-fluid\">\r\n<div class=\"wpb_column vc_column_container vc_col-sm-6\">\r\n<div class=\"vc_column-inner\">\r\n<div class=\"wpb_wrapper\">\r\n<div class=\"wpb_text_column wpb_content_element \">\r\n<div class=\"wpb_wrapper\">\r\n<p><strong><a href=\"https:\/\/vantaitruongphat.com\/2020\/04\/01\/van-chuyen-hang-di-mien-tay\/\">Gi\u00e1 c\u01b0\u1edbc v\u1eadn chuy\u1ec3n t\u1eeb Th\u00e0nh Ph\u1ed1 H\u1ed3 Ch\u00ed Minh \u0111i c\u00e1c t\u1ec9nh mi\u1ec1n T\u00e2y<\/a><\/strong><\/p>\r\n<\/div>\r\n<\/div>\r\n<\/div>\r\n<\/div>\r\n<\/div>\r\n<div class=\"wpb_column vc_column_container vc_col-sm-6\">\r\n<div class=\"vc_column-inner\">\r\n<div class=\"wpb_wrapper\">\r\n<div class=\"wpb_text_column wpb_content_element \">\r\n<div class=\"wpb_wrapper\">\r\n<p><em><strong><a href=\"https:\/\/vantaitruongphat.com\/2020\/04\/01\/van-chuyen-hang-hoa-bac-nam\/\">Gi\u00e1 c\u01b0\u1edbc v\u1eadn chuy\u1ec3n t\u1eeb Th\u00e0nh Ph\u1ed1 H\u1ed3 Ch\u00ed Minh \u0111i c\u00e1c t\u1ec9nh mi\u1ec1n \u0111\u00f4ng<\/a><\/strong><\/em><\/p>\r\n<\/div>\r\n<\/div>\r\n<\/div>\r\n<\/div>\r\n<\/div>\r\n<\/div>\r\n<\/article>\r\n<\/div>\r\n<\/main><\/div>","protected":false},"excerpt":{"rendered":"<p>B\u1ea3ng gi\u00e1 c\u01b0\u1edbc v\u1eadn chuy\u1ec3n B\u1ea3ng gi\u00e1 d\u1ecbch v\u1ee5 xe t\u1ea3i ch\u1edf h\u00e0ng cho thu\u00ea D\u1ecbch v\u1ee5 v\u1eadn chuy\u1ec3n h\u00e0ng h\u00f3a ng\u00e0y c\u00e0ng tr\u1edf n\u00ean ph\u1ed5 bi\u1ebfn v\u00e0 ph\u00e1t tri\u1ec3n m\u1ea1nh trong nh\u1eefng n\u0103m g\u1ea7n \u0111\u00e2y t\u1ea1i khu v\u1ef1c mi\u1ec1n Nam, nh\u1ea5t l\u00e0 th\u00e0nh ph\u1ed1 H\u1ed3 Ch\u00ed Minh. Th\u1ebf m\u1ea1nh c\u1ee7a xe t\u1ea3i s\u1edf h\u1eefu [&#8230;]\n","protected":false},"author":1,"featured_media":0,"parent":0,"menu_order":0,"comment_status":"closed","ping_status":"closed","template":"","meta":{"footnotes":""},"class_list":["post-7","page","type-page","status-publish","hentry"],"_links":{"self":[{"href":"https:\/\/store1.k-tech-services.com\/vantai\/wp-json\/wp\/v2\/pages\/7","targetHints":{"allow":["GET"]}}],"collection":[{"href":"https:\/\/store1.k-tech-services.com\/vantai\/wp-json\/wp\/v2\/pages"}],"about":[{"href":"https:\/\/store1.k-tech-services.com\/vantai\/wp-json\/wp\/v2\/types\/page"}],"author":[{"embeddable":true,"href":"https:\/\/store1.k-tech-services.com\/vantai\/wp-json\/wp\/v2\/users\/1"}],"replies":[{"embeddable":true,"href":"https:\/\/store1.k-tech-services.com\/vantai\/wp-json\/wp\/v2\/comments?post=7"}],"version-history":[{"count":2,"href":"https:\/\/store1.k-tech-services.com\/vantai\/wp-json\/wp\/v2\/pages\/7\/revisions"}],"predecessor-version":[{"id":147,"href":"https:\/\/store1.k-tech-services.com\/vantai\/wp-json\/wp\/v2\/pages\/7\/revisions\/147"}],"wp:attachment":[{"href":"https:\/\/store1.k-tech-services.com\/vantai\/wp-json\/wp\/v2\/media?parent=7"}],"curies":[{"name":"wp","href":"https:\/\/api.w.org\/{rel}","templated":true}]}}