{"id":132,"date":"2019-09-03T03:38:56","date_gmt":"2019-09-03T03:38:56","guid":{"rendered":"http:\/\/web6.mevivu.com\/thuocgada\/?post_type=product&amp;p=132"},"modified":"2019-09-03T03:38:56","modified_gmt":"2019-09-03T03:38:56","slug":"red-blue-vip-19","status":"publish","type":"product","link":"https:\/\/store1.k-tech-services.com\/thaoduocgadacaocap\/san-pham\/red-blue-vip-19\/","title":{"rendered":"TZP VIP"},"content":{"rendered":"","protected":false},"excerpt":{"rendered":"<p>THU\u1ed0C CH\u00cdCH TZP VIP<br \/>\nM\u1ed9t tr\u1eadn \u0111\u1ea5u l\u1edbn s\u1ebd kh\u00f4ng bao gi\u1edd th\u00e0nh c\u00f4ng n\u1ebfu s\u1ef1 chu\u1ea9n b\u1ecb kh\u00f4ng chu to\u00e0n. &#8220;Chi\u1ebfn k\u00ea&#8221; c\u1ee7a b\u1ea1n l\u00e0 m\u1ed9t m\u00e3nh t\u01b0\u1edbng, \u0111\u01b0\u1ee3c trui r\u00e8n v\u1edbi nh\u1eefng b\u00e0i t\u1eadp kh\u1eafc nghi\u1ec7t nh\u1eb1m n\u00e2ng cao s\u1ee9c chi\u1ebfn \u0111\u1ea5u. Tuy nhi\u00ean, b\u1ea5y nhi\u00eau \u0111\u00f3 l\u00e0 ch\u01b0a \u0111\u1ee7, \u0111\u1ec3 n\u00e2ng t\u1ea7m c\u1ee7a &#8220;chi\u1ebfn k\u00ea&#8221; th\u00ec m\u1ed9t ch\u00fat &#8220;trang b\u1ecb&#8221; l\u00e0 \u0111i\u1ec1u n\u00ean c\u00f3.<br \/>\nTZP VIP s\u1ebd l\u00e0 s\u1ef1 b\u1ed5 sung tuy\u1ec7t v\u1eddi d\u00e0nh cho chi\u1ebfn k\u00ea c\u1ee7a b\u1ea1n. TZP Vip l\u00e0 d\u00f2ng thu\u1ed1c k\u00edch th\u00edch d\u1ea1ng ti\u00eam c\u00f3 xu\u1ea5t x\u1ee9 t\u1eeb Mexico. Chi\u1ebfn k\u00ea c\u1ee7a b\u1ea1n s\u1ebd nh\u01b0 h\u1ed5 m\u1ecdc th\u00eam c\u00e1nh, t\u1ef1 tin c\u00e2n t\u1ea5t c\u1ea3 c\u00e1c \u0111\u1ed1i th\u1ee7.<br \/>\nTZP gi\u00fap t\u0103ng bo, t\u0103ng t\u1ea3i c\u1ef1a, kh\u1ea3 n\u0103ng ch\u1ed1ng \u00f3i cao. Gi\u00fap \u201cth\u1ea7n k\u00ea\u201d c\u1ee7a b\u1ea1n t\u0103ng kh\u1ea3 n\u0103ng ch\u1ecbu \u0111\u00f2n, t\u0103ng t\u1ed1c \u0111\u1ed9 gi\u00fap n\u00e9 \u0111\u00f2n v\u00e0 ph\u1ea3n c\u00f4ng m\u1ed9t c\u00e1ch hi\u1ec7u qu\u1ea3 nh\u1ea5t. Thu\u1ed1c kh\u00f4ng k\u1ef5 n\u1eafng, kh\u00f4ng k\u1ef5 n\u01b0\u1edbc, c\u00f3 th\u1ec3 s\u1eed d\u1ee5ng tr\u00ean m\u1ecdi \u0111\u1ecba h\u00ecnh thi \u0111\u1ea5u. Hi\u1ec7u qu\u1ea3 duy tr\u00ec \u0111\u1ebfn 48 gi\u1edd.<br \/>\nGi\u00e1: 8OO.OOO\/VND cho 1cc<br \/>\n&#8212;&#8212;&#8212;&#8212;&#8212;&#8212;&#8212;&#8212;&#8212;&#8212;&#8212;&#8212;&#8212;&#8212;&#8212;&#8212;&#8212;&#8212;&#8212;&#8212;<br \/>\nM\u1ecdi chi ti\u1ebft anh em xin li\u00ean h\u1ec7, ho\u1eb7c nh\u1eafn tin tr\u1ef1c ti\u1ebfp cho Vi\u1ec7t<br \/>\n\u260e\ufe0f \u260e\ufe0f\u260e\ufe0f 0937820150 ( bao ship c\u00e1c t\u1ec9nh )<\/p>\n","protected":false},"featured_media":210,"comment_status":"open","ping_status":"closed","template":"","meta":[],"product_cat":[20],"product_tag":[],"_links":{"self":[{"href":"https:\/\/store1.k-tech-services.com\/thaoduocgadacaocap\/wp-json\/wp\/v2\/product\/132"}],"collection":[{"href":"https:\/\/store1.k-tech-services.com\/thaoduocgadacaocap\/wp-json\/wp\/v2\/product"}],"about":[{"href":"https:\/\/store1.k-tech-services.com\/thaoduocgadacaocap\/wp-json\/wp\/v2\/types\/product"}],"replies":[{"embeddable":true,"href":"https:\/\/store1.k-tech-services.com\/thaoduocgadacaocap\/wp-json\/wp\/v2\/comments?post=132"}],"wp:featuredmedia":[{"embeddable":true,"href":"https:\/\/store1.k-tech-services.com\/thaoduocgadacaocap\/wp-json\/wp\/v2\/media\/210"}],"wp:attachment":[{"href":"https:\/\/store1.k-tech-services.com\/thaoduocgadacaocap\/wp-json\/wp\/v2\/media?parent=132"}],"wp:term":[{"taxonomy":"product_cat","embeddable":true,"href":"https:\/\/store1.k-tech-services.com\/thaoduocgadacaocap\/wp-json\/wp\/v2\/product_cat?post=132"},{"taxonomy":"product_tag","embeddable":true,"href":"https:\/\/store1.k-tech-services.com\/thaoduocgadacaocap\/wp-json\/wp\/v2\/product_tag?post=132"}],"curies":[{"name":"wp","href":"https:\/\/api.w.org\/{rel}","templated":true}]}}