{"id":128,"date":"2019-09-03T03:38:05","date_gmt":"2019-09-03T03:38:05","guid":{"rendered":"http:\/\/web6.mevivu.com\/thuocgada\/?post_type=product&amp;p=128"},"modified":"2019-09-03T03:38:05","modified_gmt":"2019-09-03T03:38:05","slug":"red-blue-vip-17","status":"publish","type":"product","link":"https:\/\/store1.k-tech-services.com\/thaoduocgadacaocap\/san-pham\/red-blue-vip-17\/","title":{"rendered":"Devil"},"content":{"rendered":"","protected":false},"excerpt":{"rendered":"<p>Devia 1.700.000 1cc 1 chai 8cc 9 tri\u1ec7u<br \/>\nThu\u1ed1c Devia \u0111\u1eb3ng c\u1ea5p hi\u1ec7n nay anh em tin d\u00f9ng nhi\u1ec1u nh\u1ea5t hi\u1ec7u qu\u1ea3 c\u1ee7a devia mang l\u1ea1i cho chi\u1ebfn k\u00ea tin th\u1ea7n tho\u1ea3i m\u00e1i ph\u1ea5n khi\u0301ch trong su\u1ed1t tr\u1eadn \u0111\u1ea5u<br \/>\nHi\u1ec7u qu\u1ea3 sau khi ch\u00edch : s\u1ebd l\u00e0m cho chi\u1ebfn k\u00ea b\u1ea1n t\u0103ng l\u1ef1c ch\u00e2n \u0111\u00e1 l\u1edbn , ch\u1ecbu \u0111\u00f2n khi \u0111\u1ed1i th\u1ee7 ra \u0111\u00f2n kh\u00f3 ch\u1ecbu , h\u1ed9 tr\u1ee3 b\u00f9 n\u01b0\u01a1\u0301c cho chi\u1ebfn k\u00ea \u0111\u1ebfn ph\u00fat cu\u1ed1i ko xu\u1ed1ng s\u1ee9c , deo dai n\u00e9 tr\u00e1nh linh ho\u1ea1t , ch\u1ed1ng s\u1eb7c \u1ed1i nu\u1ed1t \u1ed1i r\u1ea5t nhanh<br \/>\nTh\u00edch h\u1ee3p \u0111\u00e1 m\u1ecdi \u0111i\u0323a h\u00ecnh k\u1ec3 c\u1ea3 m\u01b0a ho\u1eb7c n\u1eafng v\u00e0o n\u01b0\u1edbc b\u00ecnh th\u01b0\u1eddng kh\u00f4ng k\u1ef5 n\u1eafng kh\u00f4ng k\u1ef5 n\u01b0\u01a1\u0301c g\u00ec h\u1ebft<br \/>\n1cc Devias anh em chich \u0111\u01b0\u01a1\u0323c 20con tre ho\u1eb7c 10con n\u00f2i ch\u00edch tr\u01b0\u01a1\u0301c 1gi\u1edd k\u00e9o d\u00e0i 24gi\u1edd b\u00ean m\u00ecnh c\u00f2n nhi\u1ec1u lo\u1ea1i thu\u1ed1c kha\u0301c Ae v\u00e0o trang \u0111\u1ec3 xem nh\u1eefng lo\u1ea1i kha\u0301c h\u1ee3p v\u1edbi kh\u1ea3 n\u0103ng minh ch\u01a1i nh\u00e9 lh 0937820150 ( bao ship to\u00e0n qu\u1ed1c )<\/p>\n","protected":false},"featured_media":213,"comment_status":"open","ping_status":"closed","template":"","meta":[],"product_cat":[20],"product_tag":[],"_links":{"self":[{"href":"https:\/\/store1.k-tech-services.com\/thaoduocgadacaocap\/wp-json\/wp\/v2\/product\/128"}],"collection":[{"href":"https:\/\/store1.k-tech-services.com\/thaoduocgadacaocap\/wp-json\/wp\/v2\/product"}],"about":[{"href":"https:\/\/store1.k-tech-services.com\/thaoduocgadacaocap\/wp-json\/wp\/v2\/types\/product"}],"replies":[{"embeddable":true,"href":"https:\/\/store1.k-tech-services.com\/thaoduocgadacaocap\/wp-json\/wp\/v2\/comments?post=128"}],"wp:featuredmedia":[{"embeddable":true,"href":"https:\/\/store1.k-tech-services.com\/thaoduocgadacaocap\/wp-json\/wp\/v2\/media\/213"}],"wp:attachment":[{"href":"https:\/\/store1.k-tech-services.com\/thaoduocgadacaocap\/wp-json\/wp\/v2\/media?parent=128"}],"wp:term":[{"taxonomy":"product_cat","embeddable":true,"href":"https:\/\/store1.k-tech-services.com\/thaoduocgadacaocap\/wp-json\/wp\/v2\/product_cat?post=128"},{"taxonomy":"product_tag","embeddable":true,"href":"https:\/\/store1.k-tech-services.com\/thaoduocgadacaocap\/wp-json\/wp\/v2\/product_tag?post=128"}],"curies":[{"name":"wp","href":"https:\/\/api.w.org\/{rel}","templated":true}]}}