{"id":22,"date":"2022-06-22T06:42:13","date_gmt":"2022-06-22T06:42:13","guid":{"rendered":"http:\/\/localhost\/phukien\/?page_id=22"},"modified":"2022-06-22T06:45:15","modified_gmt":"2022-06-22T06:45:15","slug":"chinh-sach-doi-tra","status":"publish","type":"page","link":"https:\/\/store1.k-tech-services.com\/phukien\/chinh-sach-doi-tra\/","title":{"rendered":"Ch\u00ednh S\u00e1ch \u0110\u1ed5i Tr\u1ea3"},"content":{"rendered":"<h3><strong>1. \u0110i\u1ec1u ki\u1ec7n \u0111\u1ed5i tr\u1ea3 h\u00e0ng<\/strong><\/h3>\n<ul>\n<li>Hi\u1ec3u \u0111\u01b0\u1ee3c s\u1ef1 ng\u1ea7n ng\u1ea1i\/lo l\u1eafng c\u1ee7a kh\u00e1ch h\u00e0ng v\u1ec1 t\u00ednh x\u00e1c th\u1ef1c c\u1ee7a h\u00e0ng h\u00f3a khi mua s\u1eafm tr\u1ef1c tuy\u1ebfn, h\u1ed7 tr\u1ee3 ch\u00ednh s\u00e1ch \u0111\u1ed3ng ki\u1ec3m, \u00e1p d\u1ee5ng v\u1edbi t\u1ea5t c\u1ea3 c\u00e1c s\u1ea3n ph\u1ea9m \u0111\u01b0\u1ee3c b\u00e1n t\u1ea1i Showroom Tadaca.<\/li>\n<li>Tr\u01b0\u1edbc khi ch\u1ea5p nh\u1eadn v\u00e0 thanh to\u00e1n cho m\u1ed9t \u0111\u01a1n h\u00e0ng, kh\u00e1ch h\u00e0ng c\u1ee7a Tadaca c\u00f3 quy\u1ec1n y\u00eau c\u1ea7u \u0111\u01b0\u1ee3c m\u1edf th\u00f9ng h\u00e0ng \u0111\u1ec3 ki\u1ec3m tra h\u00e0ng h\u00f3a b\u00ean trong c\u00f3 \u0111\u00fang v\u1edbi th\u00f4ng tin \u0111\u1eb7t h\u00e0ng hay kh\u00f4ng. C\u00e1c th\u00f4ng tin bao g\u1ed3m: S\u1ed1 l\u01b0\u1ee3ng, ch\u1ee7ng lo\u1ea1i Model, m\u00e0u s\u1eafc, k\u00edch th\u01b0\u1edbc, h\u00ecnh th\u1ee9c, t\u00ednh nguy\u00ean v\u1eb9n c\u1ee7a h\u00e0ng h\u00f3a.<\/li>\n<li>C\u00e1c b\u01b0\u1edbc ki\u1ec3m tra s\u00e2u h\u01a1n nh\u01b0 s\u1eed d\u1ee5ng th\u1eed s\u1ea3n ph\u1ea9m c\u00f3 th\u1ec3 \u0111\u01b0\u1ee3c ti\u1ebfn h\u00e0nh sau khi Qu\u00fd kh\u00e1ch \u0111\u00e3 thanh to\u00e1n cho \u0111\u01a1n h\u00e0ng.<\/li>\n<li>K\u1ec3 t\u1eeb th\u1eddi gian nh\u1eadn h\u00e0ng, Qu\u00fd kh\u00e1ch c\u00f3 quy\u1ec1n t\u1eeb ch\u1ed1i nh\u1eadn h\u00e0ng v\u00e0 th\u1ef1c hi\u1ec7n \u0111\u1ed5i \/ tr\u1ea3 h\u00e0ng theo \u0111i\u1ec1u ki\u1ec7n \u0111\u1ed5i \/ tr\u1ea3 h\u00e0ng \u0111\u01b0\u1ee3c c\u1ee5 th\u1ec3 b\u00ean d\u01b0\u1edbi. Qu\u00fd kh\u00e1ch h\u00e3y li\u00ean h\u1ec7 ngay v\u1edbi b\u1ed9 ph\u1eadn Ch\u0103m s\u00f3c kh\u00e1ch h\u00e0ng c\u1ee7a ch\u00fang t\u00f4i \u0111\u1ec3 \u0111\u01b0\u1ee3c h\u1ed7 tr\u1ee3 k\u1ecbp th\u1eddi.<\/li>\n<li><strong>*** L\u01afU \u00dd:\u00a0<\/strong>Th\u00f4ng tin tr\u1ecdng l\u01b0\u1ee3ng c\u1ee7a s\u1ea3n ph\u1ea9m \u0111\u01b0\u1ee3c th\u1ec3 hi\u1ec7n tr\u00ean Tadaca l\u00e0 tr\u1ecdng l\u01b0\u1ee3ng t\u01b0\u01a1ng \u0111\u1ed1i, ch\u1ec9 mang \u00fd ngh\u0129a tham kh\u1ea3o (gi\u00fap kh\u00e1ch h\u00e0ng h\u00ecnh dung r\u00f5 h\u01a1n v\u1ec1 s\u1ea3n ph\u1ea9m), kh\u00f4ng c\u00f3 \u00fd ngh\u0129a cho vi\u1ec7c ki\u1ec3m tra, \u0111\u1ed5i tr\u1ea3 l\u1ea1i h\u00e0ng h\u00f3a.<\/li>\n<li>\u0110i\u1ec1u ki\u1ec7n \u0111\u1ed5i h\u00e0ng:<\/li>\n<\/ul>\n<p><img decoding=\"async\" class=\"aligncenter lazy-load-active\" src=\"https:\/\/japana.vn\/uploads\/detail\/2021\/05\/images\/2.png\" alt=\"CH\u00cdNH S\u00c1CH \u0110\u1ed4I TR\u1ea2 V\u00c0 HO\u00c0N TI\u1ec0N\" data-src=\"https:\/\/japana.vn\/uploads\/detail\/2021\/05\/images\/2.png\" \/><\/p>\n<p><img decoding=\"async\" class=\"aligncenter lazy-load-active\" src=\"https:\/\/japana.vn\/uploads\/detail\/2020\/05\/images\/adsadadsa.png\" alt=\"Ch\u00ednh s\u00e1ch \u0111\u1ed5i tr\u1ea3 v\u00e0 ho\u00e0n ti\u1ec1n\" data-src=\"https:\/\/japana.vn\/uploads\/detail\/2020\/05\/images\/adsadadsa.png\" \/><\/p>\n<ul>\n<li>\u0110i\u1ec1u ki\u1ec7n tr\u1ea3 h\u00e0ng:<\/li>\n<\/ul>\n<p><img decoding=\"async\" class=\"aligncenter lazy-load-active\" src=\"https:\/\/japana.vn\/uploads\/detail\/2021\/05\/images\/1.png\" alt=\"CH\u00cdNH S\u00c1CH \u0110\u1ed4I TR\u1ea2 V\u00c0 HO\u00c0N TI\u1ec0N\" data-src=\"https:\/\/japana.vn\/uploads\/detail\/2021\/05\/images\/1.png\" \/><\/p>\n<h3><strong>2. Ph\u01b0\u01a1ng th\u1ee9c \u0111\u1ed5i tr\u1ea3 h\u00e0ng<\/strong><\/h3>\n<ul>\n<li>Trong th\u1eddi gian c\u00f2n hi\u1ec7u l\u1ef1c \u0111\u1ed5i tr\u1ea3 h\u00e0ng, Qu\u00fd kh\u00e1ch vui l\u00f2ng th\u1ef1c hi\u1ec7n c\u00e1c b\u01b0\u1edbc sau \u0111\u1ec3 \u0111\u01b0\u1ee3c \u0111\u1ed5i tr\u1ea3 h\u00e0ng:<\/li>\n<li><strong>B\u01b0\u1edbc 1:\u00a0<\/strong>Li\u00ean h\u1ec7 tr\u1ef1c ti\u1ebfp v\u1edbi nh\u00e2n vi\u00ean T\u01b0 v\u1ea5n b\u00e1n h\u00e0ng qua T\u1ed5ng \u0111\u00e0i:\u00a0<strong>0961562386<\/strong>\u00a0\u0111\u1ec3 \u0111\u01b0\u1ee3c h\u1ed7 tr\u1ee3 k\u1ecbp th\u1eddi.<\/li>\n<li><strong>B\u01b0\u1edbc 2:\u00a0<\/strong>Ch\u1ee5p v\u00e0 g\u1eedi h\u00ecnh \u1ea3nh s\u1ea3n ph\u1ea9m \u0111\u1ec3 x\u00e1c nh\u1eadn t\u00ecnh tr\u1ea1ng h\u00e0ng h\u00f3a.<\/li>\n<li><strong>B\u01b0\u1edbc 3:\u00a0<\/strong>Sau khi y\u00eau c\u1ea7u \u0111\u1ed5i tr\u1ea3 h\u00e0ng \u0111\u01b0\u1ee3c ch\u1ea5p thu\u1eadn, qu\u00fd kh\u00e1ch vui l\u00f2ng \u0111\u00f3ng g\u00f3i c\u1ea9n th\u1eadn v\u00e0 g\u1eedi qua \u0111\u01b0\u1eddng b\u01b0u \u0111i\u1ec7n ho\u1eb7c ph\u01b0\u01a1ng ti\u1ec7n v\u1eadn chuy\u1ec3n kh\u00e1c v\u1ec1 cho ch\u00fang t\u00f4i theo \u0111\u1ecba ch\u1ec9:<\/li>\n<li>Ng\u01b0\u1eddi nh\u1eadn: Showroom Tadaca Auto.<\/li>\n<li>\u0110\u1ecba ch\u1ec9 :<\/li>\n<li><strong>H\u00e0 N\u1ed9i<\/strong>\u00a0: S\u1ed1 115 Nguy\u1ec5n Khang , Y\u00ean Ho\u00e0 ,Qu\u1eadn C\u1ea7u Gi\u1ea5y ,H\u00e0 N\u1ed9i<\/li>\n<li><strong>H\u1ed3 Ch\u00ed Minh<\/strong>\u00a0: 68 \u0110\u01b0\u1eddng Phan X\u00edch Long, P1, Q. Ph\u00fa Nhu\u1eadn, TP. HCM<br \/>\n<strong>B\u01b0\u1edbc 4:\u00a0<\/strong>Qu\u00fd kh\u00e1ch vui l\u00f2ng \u0111\u00f3ng g\u00f3i bao b\u00ec c\u1ea9n th\u1eadn, tr\u00e1nh tr\u1ea7y x\u01b0\u1edbc, h\u1ecfng b\u1ec3, bong tr\u00f3c hay b\u00e1m b\u1ea9n so v\u1edbi l\u00fac x\u00e1c nh\u1eadn ch\u1ea5p thu\u1eadn \u0111\u1ed5i tr\u1ea3 l\u1ea1i h\u00e0ng.<\/li>\n<li><strong>L\u01afU \u00dd:\u00a0<\/strong>N\u1ebfu s\u1ea3n ph\u1ea9m g\u1eedi tr\u1ea3 v\u1ec1 b\u1ecb h\u1ecfng, b\u1ec3, tr\u1ea7y x\u01b0\u1edbc, bong tr\u00f3c, b\u00e1m b\u1ea9n,\u2026 c\u00f3 thay \u0111\u1ed5i so v\u1edbi th\u1eddi \u0111i\u1ec3m x\u00e1c nh\u1eadn ch\u1ea5p thu\u1eadn \u0111\u1ed5i tr\u1ea3 l\u1ea1i h\u00e0ng, ch\u00fang t\u00f4i c\u00f3 quy\u1ec1n t\u1eeb ch\u1ed1i nh\u1eadn \u0111\u1ed5i tr\u1ea3.<\/li>\n<\/ul>\n","protected":false},"excerpt":{"rendered":"<p>1. \u0110i\u1ec1u ki\u1ec7n \u0111\u1ed5i tr\u1ea3 h\u00e0ng Hi\u1ec3u \u0111\u01b0\u1ee3c s\u1ef1 ng\u1ea7n ng\u1ea1i\/lo l\u1eafng c\u1ee7a kh\u00e1ch h\u00e0ng v\u1ec1 t\u00ednh x\u00e1c th\u1ef1c c\u1ee7a h\u00e0ng h\u00f3a khi mua s\u1eafm tr\u1ef1c tuy\u1ebfn, h\u1ed7 tr\u1ee3 ch\u00ednh s\u00e1ch \u0111\u1ed3ng ki\u1ec3m, \u00e1p d\u1ee5ng v\u1edbi t\u1ea5t c\u1ea3 c\u00e1c s\u1ea3n ph\u1ea9m \u0111\u01b0\u1ee3c b\u00e1n t\u1ea1i Showroom Tadaca. Tr\u01b0\u1edbc khi ch\u1ea5p nh\u1eadn v\u00e0 thanh to\u00e1n cho m\u1ed9t [&#8230;]\n","protected":false},"author":1,"featured_media":0,"parent":0,"menu_order":0,"comment_status":"closed","ping_status":"closed","template":"page-right-sidebar.php","meta":{"footnotes":""},"class_list":["post-22","page","type-page","status-publish","hentry"],"acf":[],"_links":{"self":[{"href":"https:\/\/store1.k-tech-services.com\/phukien\/wp-json\/wp\/v2\/pages\/22","targetHints":{"allow":["GET"]}}],"collection":[{"href":"https:\/\/store1.k-tech-services.com\/phukien\/wp-json\/wp\/v2\/pages"}],"about":[{"href":"https:\/\/store1.k-tech-services.com\/phukien\/wp-json\/wp\/v2\/types\/page"}],"author":[{"embeddable":true,"href":"https:\/\/store1.k-tech-services.com\/phukien\/wp-json\/wp\/v2\/users\/1"}],"replies":[{"embeddable":true,"href":"https:\/\/store1.k-tech-services.com\/phukien\/wp-json\/wp\/v2\/comments?post=22"}],"version-history":[{"count":2,"href":"https:\/\/store1.k-tech-services.com\/phukien\/wp-json\/wp\/v2\/pages\/22\/revisions"}],"predecessor-version":[{"id":32,"href":"https:\/\/store1.k-tech-services.com\/phukien\/wp-json\/wp\/v2\/pages\/22\/revisions\/32"}],"wp:attachment":[{"href":"https:\/\/store1.k-tech-services.com\/phukien\/wp-json\/wp\/v2\/media?parent=22"}],"curies":[{"name":"wp","href":"https:\/\/api.w.org\/{rel}","templated":true}]}}