{"id":14,"date":"2022-06-22T06:39:35","date_gmt":"2022-06-22T06:39:35","guid":{"rendered":"http:\/\/localhost\/phukien\/?page_id=14"},"modified":"2022-06-22T06:49:20","modified_gmt":"2022-06-22T06:49:20","slug":"gioi-thieu","status":"publish","type":"page","link":"https:\/\/store1.k-tech-services.com\/phukien\/gioi-thieu\/","title":{"rendered":"Gi\u1edbi thi\u1ec7u"},"content":{"rendered":"\t<div class=\"img has-hover x md-x lg-x y md-y lg-y\" id=\"image_2012909761\">\n\t\t\t\t\t\t\t\t<div class=\"img-inner dark\" >\n\t\t\t<img loading=\"lazy\" decoding=\"async\" width=\"1536\" height=\"480\" src=\"https:\/\/store1.k-tech-services.com\/phukien\/wp-content\/uploads\/2022\/06\/z2-1536x480-1.jpg\" class=\"attachment-original size-original\" alt=\"\" srcset=\"https:\/\/store1.k-tech-services.com\/phukien\/wp-content\/uploads\/2022\/06\/z2-1536x480-1.jpg 1536w, https:\/\/store1.k-tech-services.com\/phukien\/wp-content\/uploads\/2022\/06\/z2-1536x480-1-600x188.jpg 600w, https:\/\/store1.k-tech-services.com\/phukien\/wp-content\/uploads\/2022\/06\/z2-1536x480-1-300x94.jpg 300w, https:\/\/store1.k-tech-services.com\/phukien\/wp-content\/uploads\/2022\/06\/z2-1536x480-1-1024x320.jpg 1024w, https:\/\/store1.k-tech-services.com\/phukien\/wp-content\/uploads\/2022\/06\/z2-1536x480-1-768x240.jpg 768w\" sizes=\"auto, (max-width: 1536px) 100vw, 1536px\" \/>\t\t\t\t\t\t\n\t\t\t\t\t<\/div>\n\t\t\t\t\t\t\t\t\n<style>\n#image_2012909761 {\n  width: 100%;\n}\n<\/style>\n\t<\/div>\n\t\n<div class=\"container section-title-container\" ><h3 class=\"section-title section-title-center\"><b><\/b><span class=\"section-title-main\" >V\u1ec1 ch\u00fang t\u00f4i<\/span><b><\/b><\/h3><\/div>\n<p>Tadaca \u0111\u01b0\u1ee3c th\u00e0nh l\u1eadp v\u00e0o n\u0103m 2016, h\u01a1n 5 n\u0103m ho\u1ea1t \u0111\u1ed9ng trong l\u0129nh v\u1ef1c cung c\u1ea5p ph\u1ee5 ki\u1ec7n \u00f4 t\u00f4 g\u1ed3m c\u00e1c m\u1eb7t h\u00e0ng ch\u00ednh nh\u01b0: Ph\u1ee5 ki\u1ec7n ch\u0103m s\u00f3c \u00f4 t\u00f4, ph\u1ee5 ki\u1ec7n trang tr\u00ed \u00f4 t\u00f4, ph\u1ee5 ki\u1ec7n ti\u1ec7n \u00edch \u00f4 t\u00f4. Cho \u0111\u1ebfn nay hi\u1ec7n c\u00f3 h\u01a1n 400+ m\u1eabu s\u1ea3n ph\u1ea9m \u0111\u01b0\u1ee3c ch\u00fang t\u00f4i cung c\u1ea5p tr\u00ean th\u1ecb tr\u01b0\u1eddng. Mucar ho\u1ea1t \u0111\u1ed9ng v\u1edbi n\u1ec1n m\u00f3ng trung t\u00e2m \u0111\u01b0\u1ee3c x\u00e2y l\u00ean b\u1edfi D\u1ecaCH V\u1ee4 V\u00c0 CH\u1ea4T L\u01af\u1ee2NG h\u00e0ng h\u00f3a lu\u00f4n \u0111\u01b0\u1ee3c \u0111\u1eb7t l\u00ean h\u00e0ng \u0111\u1ea7u.<\/p>\n<h3><strong>B\u1ea1n c\u00f3 bi\u1ebft l\u00fd do t\u1ea1o n\u00ean Tadaca v\u1eefng m\u1ea1nh nh\u01b0 ng\u00e0y nay?<\/strong><\/h3>\n<ul>\n<li>H\u00e0ng th\u1eadt nh\u01b0 h\u00ecnh, ch\u1ea5t l\u01b0\u1ee3ng nh\u01b0 qu\u1ea3ng c\u00e1o<\/li>\n<li>\u0110\u01b0\u1ee3c ki\u1ec3m tra h\u00e0ng tr\u01b0\u1edbc khi thanh to\u00e1n<\/li>\n<li>Cung c\u1ea5p c\u00e1c s\u1ea3n ph\u1ea9m theo \u0111\u00fang ti\u00eau chu\u1ea9n v\u1edbi ch\u1ea5t l\u01b0\u1ee3ng t\u1ed1t nh\u1ea5t.<\/li>\n<li>Freeship to\u00e0n qu\u1ed1c v\u1edbi \u0111\u01a1n h\u00e0ng tr\u00ean\u00a0<strong>300.000\u0111<\/strong><\/li>\n<li>\u0110\u1ed5i tr\u1ea3 h\u00e0ng linh ho\u1ea1t n\u1ebfu s\u1ea3n ph\u1ea9m kh\u00f4ng nh\u01b0 qu\u1ea3ng c\u00e1o.<\/li>\n<\/ul>\n<h3><strong>Tadaca bi\u1ebft r\u1eb1ng:<\/strong><\/h3>\n<ul>\n<li>M\u1ed9t chi\u1ebfc xe l\u00e0 t\u00e0i s\u1ea3n qu\u00fd gi\u00e1, v\u00ec v\u1eady mua b\u1ea5t k\u1ef3 s\u1ea3n ph\u1ea9m n\u00e0o cho chi\u1ebfc xe c\u1ee7a m\u00ecnh qu\u00fd kh\u00e1ch c\u0169ng ph\u1ea3i l\u1ef1a ch\u1ecdn r\u1ea5t k\u1ef9 l\u01b0\u1ee1ng.<\/li>\n<li>Th\u00f4ng tin v\u1ec1 c\u00e1c s\u1ea3n ph\u1ea9m d\u00e0nh cho xe h\u01a1i r\u1ea5t \u00edt v\u00e0 kh\u00f4ng c\u00f3 ngu\u1ed3n \u0111\u1ec3 so s\u00e1nh, th\u1eadm ch\u00ed kh\u00f4ng bi\u1ebft t\u00ecm mua \u1edf \u0111\u00e2u.<\/li>\n<li>N\u1ebfu ch\u1ea5t l\u01b0\u1ee3ng s\u1ea3n ph\u1ea9m kh\u00f4ng nh\u01b0 mong mu\u1ed1n th\u00ec M\u1ea4T TH\u1edcI GIAN \u2013 M\u1ea4T TI\u1ec0N \u2013 C\u1ea2M GI\u00c1C NH\u01af M\u00ccNH \u0110\u00c3 B\u1eca L\u1eeaA.<\/li>\n<li>Tadacara \u0111\u1eddi \u0111\u1ec3 gi\u1ea3i quy\u1ebft t\u1ea5t c\u1ea3 c\u00e1c kh\u00f3 kh\u0103n v\u00e0 lo l\u1eafng c\u1ee7a kh\u00e1ch h\u00e0ng. \u0110\u1ea3m b\u1ea3o s\u1ea3n ph\u1ea9m lu\u00f4n CH\u1ea4T L\u01af\u1ee2NG \u2013 H\u1eeeU \u00cdCH \u2013 GI\u00c1 C\u1ea2 C\u1ea0NH TRANH.<\/li>\n<\/ul>\n<h3><strong>Tadaca \u0111\u00e3 l\u00e0m \u0111i\u1ec1u \u0111\u00f3 nh\u01b0 th\u1ebf n\u00e0o?<\/strong><\/h3>\n<ul>\n<li><strong><i class=\"fa fa-location-arrow\" aria-hidden=\"true\"><\/i>1. Nh\u1eadp h\u00e0ng t\u1ea1i nh\u00e0 m\u00e1y<\/strong><\/li>\n<li>Th\u1ecb tr\u01b0\u1eddng ai c\u0169ng nh\u1eadp, ch\u00fang t\u00f4i c\u0169ng nh\u1eadp nh\u01b0ng nh\u1eadp t\u1ea1i c\u00e1c nh\u00e0 m\u00e1y ch\u00ednh h\u00e3ng, kh\u00f4ng qua trung gian v\u1edbi s\u1ed1 l\u01b0\u1ee3ng c\u1ef1c l\u1edbn n\u00ean gi\u00e1 v\u00f4 c\u00f9ng c\u1ea1nh tranh.<\/li>\n<li><strong><i class=\"fa fa-location-arrow\" aria-hidden=\"true\"><\/i>2. \u0110\u1ed9i ng\u0169 ki\u1ec3m tra h\u00e0ng t\u1ea1i nh\u00e0 m\u00e1y<\/strong><\/li>\n<li>C\u00e1c nh\u00e2n vi\u00ean c\u1ee7a ch\u00fang t\u00f4i tr\u1ef1c 24\/7 v\u00e0 ki\u1ec3m tra ch\u1ea5t l\u01b0\u1ee3ng h\u00e0ng h\u00f3a ngay t\u1ea1i n\u01a1i s\u1ea3n xu\u1ea5t, \u0111\u1ea3m b\u1ea3o ch\u1ea5t l\u01b0\u1ee3ng s\u1ea3n ph\u1ea9m \u0111\u01b0\u1ee3c nh\u1eadp v\u1ec1 lu\u00f4n c\u00f3 ch\u1ea5t l\u01b0\u1ee3ng t\u1eeb m\u1eb7t b\u1eb1ng chung tr\u1edf l\u00ean.<\/li>\n<li><strong><i class=\"fa fa-location-arrow\" aria-hidden=\"true\"><\/i>3. Lu\u00f4n ki\u1ec3m tra 2 l\u1ea7n<\/strong><\/li>\n<li>B\u1ea5t k\u00ec s\u1ea3n ph\u1ea9m n\u00e0o d\u00f9 nh\u1ecf hay l\u1edbn, ch\u00fang t\u00f4i \u0111\u1ec1u ki\u1ec3m tra l\u1ea7n \u0111\u1ea7u ti\u00ean t\u1ea1i c\u00e1c kho h\u00e0ng v\u00e0 l\u1ea7n th\u1ee9 2 tr\u01b0\u1edbc khi giao h\u00e0ng. \u0110\u1ea3m b\u1ea3o s\u1ea3n ph\u1ea9m khi \u0111\u1ebfn tay kh\u00e1ch h\u00e0ng ph\u1ea3i l\u00e0 s\u1ea3n ph\u1ea9m t\u1ed1t nh\u1ea5t.<\/li>\n<li>Xin c\u00e1m \u01a1n s\u1ef1 tin t\u01b0\u1edfng v\u00e0 \u1ee7ng h\u1ed9 c\u1ee7a qu\u00fd kh\u00e1ch trong th\u1eddi gian qua.<\/li>\n<li>Tr\u00e2n tr\u1ecdng.\/.<\/li>\n<li>Admin<\/li>\n<\/ul>\n","protected":false},"excerpt":{"rendered":"<p>Tadaca \u0111\u01b0\u1ee3c th\u00e0nh l\u1eadp v\u00e0o n\u0103m 2016, h\u01a1n 5 n\u0103m ho\u1ea1t \u0111\u1ed9ng trong l\u0129nh v\u1ef1c cung c\u1ea5p ph\u1ee5 ki\u1ec7n \u00f4 t\u00f4 g\u1ed3m c\u00e1c m\u1eb7t h\u00e0ng ch\u00ednh nh\u01b0: Ph\u1ee5 ki\u1ec7n ch\u0103m s\u00f3c \u00f4 t\u00f4, ph\u1ee5 ki\u1ec7n trang tr\u00ed \u00f4 t\u00f4, ph\u1ee5 ki\u1ec7n ti\u1ec7n \u00edch \u00f4 t\u00f4. Cho \u0111\u1ebfn nay hi\u1ec7n c\u00f3 h\u01a1n 400+ m\u1eabu s\u1ea3n ph\u1ea9m [&#8230;]\n","protected":false},"author":1,"featured_media":0,"parent":0,"menu_order":0,"comment_status":"closed","ping_status":"closed","template":"page-right-sidebar.php","meta":{"footnotes":""},"class_list":["post-14","page","type-page","status-publish","hentry"],"acf":[],"_links":{"self":[{"href":"https:\/\/store1.k-tech-services.com\/phukien\/wp-json\/wp\/v2\/pages\/14","targetHints":{"allow":["GET"]}}],"collection":[{"href":"https:\/\/store1.k-tech-services.com\/phukien\/wp-json\/wp\/v2\/pages"}],"about":[{"href":"https:\/\/store1.k-tech-services.com\/phukien\/wp-json\/wp\/v2\/types\/page"}],"author":[{"embeddable":true,"href":"https:\/\/store1.k-tech-services.com\/phukien\/wp-json\/wp\/v2\/users\/1"}],"replies":[{"embeddable":true,"href":"https:\/\/store1.k-tech-services.com\/phukien\/wp-json\/wp\/v2\/comments?post=14"}],"version-history":[{"count":2,"href":"https:\/\/store1.k-tech-services.com\/phukien\/wp-json\/wp\/v2\/pages\/14\/revisions"}],"predecessor-version":[{"id":36,"href":"https:\/\/store1.k-tech-services.com\/phukien\/wp-json\/wp\/v2\/pages\/14\/revisions\/36"}],"wp:attachment":[{"href":"https:\/\/store1.k-tech-services.com\/phukien\/wp-json\/wp\/v2\/media?parent=14"}],"curies":[{"name":"wp","href":"https:\/\/api.w.org\/{rel}","templated":true}]}}