{"id":456,"date":"2021-11-18T05:34:19","date_gmt":"2021-11-18T05:34:19","guid":{"rendered":"http:\/\/minhtranhub.vn\/?post_type=product&amp;p=456"},"modified":"2021-11-18T05:34:19","modified_gmt":"2021-11-18T05:34:19","slug":"bo-qua-tet-sum-vay-tet-nham-dan-2022","status":"publish","type":"product","link":"https:\/\/store1.k-tech-services.com\/minhtranhub\/san-pham\/bo-qua-tet-sum-vay-tet-nham-dan-2022\/","title":{"rendered":"B\u1ed8 QU\u00c0 T\u1ebeT SUM V\u1ea6Y &#8211; T\u1ebeT NH\u00c2M D\u1ea6N 2022"},"content":{"rendered":"<p><strong>T\u1ebft l\u00e0 d\u1ecbp c\u1ea3 gia \u0111\u00ecnh qu\u00e2y qu\u1ea7n b\u00ean nhau k\u1ec3 cho nhau nghe v\u1ec1 1 n\u0103m \u0111\u00e3 qua v\u00e0 c\u00f9ng ho\u1ea1ch \u0111\u1ecbnh m\u1ed9t n\u0103m m\u1edbi \u0111\u1ea7y kh\u1edfi s\u1eafc h\u01a1n. Hi\u1ec3u \u0111\u01b0\u1ee3c n\u00e9t v\u0103n h\u00f3a truy\u1ec1n th\u1ed1ng \u0111\u00f3 MiRy&#8217;s \u0111\u00e3 cho ra \u0111\u1eddi b\u1ed9 s\u1ea3n ph\u1ea9m qua t\u1ebft \u0111\u1ea7y \u00fd ngh\u0129a g\u1eedi \u0111\u1ebfn b\u1ea1n.<\/strong><\/p>\n<p><strong>B\u1ed9 qu\u00e0 t\u1eb7ng t\u1ebft 2022 \u2013 Sum v\u1ea7y <\/strong>thay cho v\u1ea1n\u00a0<em>l\u1eddi ch\u00fac g\u1eedi \u0111\u1ebfn gia \u0111\u00ecnh c\u1ee7a b\u1ea1n<\/em>. Ch\u00fang t\u00f4i \u0111\u00e3 s\u1eed d\u1ee5ng b\u1ed9 s\u1ea3n ph\u1ea9m\u00a0<em>Nh\u00e2n s\u00e2m t\u1eeb v\u00f9ng Ontario Canada k\u1ebft h\u1ee3p c\u00f9ng cam s\u1ea5y safaron v\u00f9ng T\u00e2y \u00c1 t\u1ea1o n\u00ean m\u00f3n tr\u00e0 \u0111\u1ea1o nh\u00e2m nhi th\u01b0\u1edfng th\u1ee9c cu\u1ed9c s\u1ed1ng cho \u00f4ng b\u00e0, b\u1ed1 m\u1eb9. B\u00ean c\u1ea1nh \u0111\u00f3 c\u00e1c con, ch\u00e1u c\u0169ng c\u00f9ng t\u1eadn h\u01b0\u1edfng gi\u00e2y ph\u00fat b\u00ecnh y\u00ean b\u00ean gia \u0111\u00ecnh c\u00f9ng nh\u1eefng chai s\u00e2m m\u00e1t l\u1ea1nh s\u1ea3ng kho\u00e1i.\u00a0<\/em><\/p>\n<p>&nbsp;<\/p>\n<p><img loading=\"lazy\" decoding=\"async\" class=\"aligncenter wp-image-457 size-full\" src=\"http:\/\/localhost\/minhtranhub\/wp-content\/uploads\/2021\/11\/z2922421207735_4cde0b42a55c12e6d62cca8428652442.jpg\" alt=\"\" width=\"960\" height=\"1280\" srcset=\"https:\/\/store1.k-tech-services.com\/minhtranhub\/wp-content\/uploads\/2021\/11\/z2922421207735_4cde0b42a55c12e6d62cca8428652442.jpg 960w, https:\/\/store1.k-tech-services.com\/minhtranhub\/wp-content\/uploads\/2021\/11\/z2922421207735_4cde0b42a55c12e6d62cca8428652442-600x800.jpg 600w, https:\/\/store1.k-tech-services.com\/minhtranhub\/wp-content\/uploads\/2021\/11\/z2922421207735_4cde0b42a55c12e6d62cca8428652442-225x300.jpg 225w, https:\/\/store1.k-tech-services.com\/minhtranhub\/wp-content\/uploads\/2021\/11\/z2922421207735_4cde0b42a55c12e6d62cca8428652442-768x1024.jpg 768w\" sizes=\"auto, (max-width: 960px) 100vw, 960px\" \/><\/p>\n<p style=\"text-align: center;\"><span style=\"color: #ed1c24;\"><strong>B\u1ed9 s\u1ea3n ph\u1ea9m qu\u00e0 t\u1ebft 2022 &#8211; T\u1ebf Nh\u00e2m D\u1ea7n &#8211; N\u01b0\u1edbc u\u1ed1ng \u0111\u00f4ng tr\u00f9ng h\u1ea1 th\u1ea3o &#8211; N\u01b0\u1edbc u\u1ed1ng h\u1ed3ng s\u00e2m &#8211; S\u00e2m th\u00e1i l\u00e1t Canada &#8211; Cam s\u1ea5y Safaron T\u00e2y \u00c1<\/strong><\/span><\/p>\n<p>B\u1ed9 s\u1ea3n ph\u1ea9m g\u1ed3m: <strong>S\u00e2m s\u1ea5y l\u00e1t Canada h\u0169 16g, 2 chai n\u01b0\u1edbc u\u1ed1ng \u0111\u00f4ng tr\u00f9ng h\u1ea1 th\u1ea3o H\u00e0n Qu\u1ed1c, 2 chai n\u01b0\u1edbc u\u1ed1ng h\u1ed3ng s\u00e2m H\u00e0n Qu\u1ed1c, 1 h\u0169 cam s\u00e2y safaron T\u00e2y \u00c1<\/strong><\/p>\n<p><span style=\"color: #ed1c24;\"><strong>1.S\u00e2m s\u1ea5y l\u00e1t Canada h\u0169 16g.<\/strong><\/span><\/p>\n<div><strong>Nh\u00e2n s\u00e2m Canada hay c\u00f2n g\u1ecdi l\u00e0 T\u00e2y D\u01b0\u01a1ng S\u00e2m (Nh\u00e2n S\u00e2m M\u1ef9, Nh\u00e2n S\u00e2m Hoa K\u1ef3, Nh\u00e2n S\u00e2m B\u1eafc M\u1ef9) l\u00e0 lo\u1ea1i nh\u00e2n s\u00e2m sinh tr\u01b0\u1edfng v\u00e0 ph\u00e1t tri\u1ec3n \u1edf v\u00f9ng B\u1eafc M\u1ef9 nh\u01b0 \u1edf Canada, Hoa K\u1ef3. Nh\u01b0ng t\u1ea1i Ontario \u2013 Canada ch\u1ea5t l\u01b0\u1ee3ng nh\u00e2n s\u00e2m \u0111\u01b0\u1ee3c tr\u1ed3ng ra c\u00f3 gi\u00e1 tr\u1ecb t\u1ed1t nh\u1ea5t do \u0111\u1ea5t tr\u1ed3ng, th\u1eddi ti\u1ebft, kh\u00ed h\u1eadu v\u00e0 l\u01b0\u1ee3ng m\u01b0a ho\u00e0n h\u1ea3o h\u01a1n b\u1ea5t c\u1ee9 n\u01a1i n\u00e0o tr\u00ean th\u1ebf gi\u1edbi.<\/strong><\/div>\n<div><strong>Nh\u00e2n s\u00e2m Canada c\u00f3 \u0111\u1eb7c t\u00ednh d\u1ecbu m\u00e1t, \u0111i\u1ec1u m\u00e0 nh\u00e2n s\u00e2m Ch\u00e2u \u00c1 kh\u00f4ng c\u00f3 \u0111\u01b0\u1ee3c, ch\u00ednh v\u00ec l\u00fd do n\u00e0y n\u00ean nh\u00e2n s\u00e2m Canada ho\u00e0n to\u00e0n ph\u00f9 h\u1ee3p cho ng\u01b0\u1eddi cao huy\u1ebft \u00e1p.<\/strong><\/div>\n<div><\/div>\n<div><\/div>\n<div><strong>M\u00f4 t\u1ea3 s\u1ea3n ph\u1ea9m<\/strong><\/div>\n<div><\/div>\n<ul>\n<li>\u00a0Ho\u1ea1t \u0111\u1ed9ng c\u1ee7a nh\u00e2n s\u00e2m Canada v\u1edbi h\u1ee3p ch\u1ea5t \u2013 Ginsenosides \u0111\u00e3 \u0111\u01b0\u1ee3c c\u00e1c nh\u00e0 khoa h\u1ecdc ghi nh\u1eadn c\u00f3 t\u00e1c d\u1ee5ng g\u00e2y m\u1ed9t lo\u1ea1t c\u00e1c ho\u1ea1t \u0111\u1ed9ng sinh h\u1ecdc\u00a0 kh\u00e1c nhau d\u1eabn \u0111\u1ebfn \u1ed5n \u0111\u1ecbnh \u0111\u01b0\u1eddng huy\u1ebft, ch\u1ed1ng vi\u00eam, t\u0103ng c\u01b0\u1eddng ho\u1ea1t \u0111\u1ed9ng tim m\u1ea1ch, t\u00e1c d\u1ee5ng b\u1ea3o v\u1ec7 v\u00e0 ch\u1ed1ng kh\u1ed1i u.<\/li>\n<li>Quy c\u00e1ch \u0111\u00f3ng g\u00f3i: 16g\/h\u0169<\/li>\n<li>Xu\u1ea5t x\u1ee9: Canada<\/li>\n<\/ul>\n<p>&nbsp;<\/p>\n<p><span style=\"color: #0000ff;\">Xem th\u00eam v\u1ec1 th\u00f4ng tin s\u1ea3n ph\u1ea9m: http:\/\/minhtranhub.vn\/product\/nhan-sam-canada-say-kho-cat-lat-canadian-vita-2\/<\/span><\/p>\n<p><span style=\"color: #ed1c24;\">2.N\u01b0\u1edbc u\u1ed1ng \u0111\u00f4ng tr\u00f9ng h\u1ea1 th\u1ea3o H\u00e0n Qu\u1ed1c<\/span><\/p>\n<div><strong>\u0110\u00f4ng tr\u00f9ng h\u1ea1 th\u1ea3o l\u00e0 m\u1ed9t lo\u00e0i th\u1ea3o d\u01b0\u1ee3c qu\u00fd v\u00e0 \u0111\u1eb7c bi\u1ec7t, b\u1edfi ch\u00fang \u0111\u01b0\u1ee3c xem nh\u01b0 l\u00e0 \u201ccon lai\u201d gi\u1eefa \u0111\u1ed9ng v\u1eadt v\u00e0 th\u1ef1c v\u1eadt. Th\u1ef1c ch\u1ea5t, \u0111\u00f4ng tr\u00f9ng h\u1ea1 th\u1ea3o l\u00e0 s\u1ef1 k\u1ebft h\u1ee3p gi\u1eefa s\u00e2u non (\u1ea5u tr\u00f9ng b\u01b0\u1edbm) c\u1ee7a lo\u00e0i Thitarodes v\u00e0 lo\u00e0i n\u1ea5m k\u00fd sinh Cordyceps sinensis.\u00a0<\/strong><\/div>\n<div><\/div>\n<div><strong>M\u00f4 t\u1ea3 s\u1ea3n ph\u1ea9m: <img loading=\"lazy\" decoding=\"async\" class=\"aligncenter wp-image-234 size-full\" src=\"http:\/\/localhost\/minhtranhub\/wp-content\/uploads\/2013\/06\/6578a7f0cdcf3f9166de.jpg\" alt=\"\" width=\"500\" height=\"500\" srcset=\"https:\/\/store1.k-tech-services.com\/minhtranhub\/wp-content\/uploads\/2013\/06\/6578a7f0cdcf3f9166de.jpg 500w, https:\/\/store1.k-tech-services.com\/minhtranhub\/wp-content\/uploads\/2013\/06\/6578a7f0cdcf3f9166de-300x300.jpg 300w, https:\/\/store1.k-tech-services.com\/minhtranhub\/wp-content\/uploads\/2013\/06\/6578a7f0cdcf3f9166de-100x100.jpg 100w, https:\/\/store1.k-tech-services.com\/minhtranhub\/wp-content\/uploads\/2013\/06\/6578a7f0cdcf3f9166de-150x150.jpg 150w\" sizes=\"auto, (max-width: 500px) 100vw, 500px\" \/><\/strong><\/div>\n<ul>\n<li><strong>N\u01b0\u1edbc u\u1ed1ng \u0110\u00f4ng Tr\u00f9ng H\u1ea1 Th\u1ea3o<\/strong> \u0111\u01b0\u1ee3c chi\u1ebft xu\u1ea5t t\u1eeb \u0111\u00f4ng tr\u00f9ng h\u1ea1 th\u1ea3o thi\u00ean nhi\u00ean,c\u00f3 t\u00e1c d\u1ee5ng gi\u1ea3i kh\u00e1t c\u00f2n c\u00f3 t\u00e1c d\u1ee5ng gi\u1ea3m stress, b\u1ed5 sung n\u0103ng l\u01b0\u1ee3ng cho c\u01a1 th\u1ec3 kh\u1ecfe m\u1ea1nh. N\u01b0\u1edbc u\u1ed1ng \u0110\u00f4ng Tr\u00f9ng H\u1ea1 Th\u1ea3o c\u00f3 m\u00e0u v\u00e0ng nh\u1ea1t v\u1ecb chua ng\u1ecdt, \u0111\u01b0\u1ee3c \u0111\u00f3ng chai sang tr\u1ecdng v\u00e0 \u0111\u1ea3m b\u1ea3o v\u1ec7 sinh r\u1ea5t t\u1ed1t cho s\u1ee9c kh\u1ecfe c\u1ee7a con ng\u01b0\u1eddi.<\/li>\n<li>Th\u00e0nh ph\u1ea7n c\u00f3 trong n\u01b0\u1edbc u\u1ed1ng \u0111\u00f4ng tr\u00f9ng h\u1ea1 th\u1ea3o: Chi\u1ebft xu\u1ea5t \u0110\u00f4ng tr\u00f9ng h\u1ea1 th\u1ea3o, x\u1ea3 s\u00e0ng t\u1eed, t\u00e1o t\u00e0u, axit citric, natri citrate, nattri benzoate.<\/li>\n<li>Dung t\u00edch: 100ml\/ chai<\/li>\n<li>Xu\u1ea5t x\u1ee9: H\u00e0n Qu\u1ed1c<\/li>\n<li>Ngon h\u01a1n khi u\u1ed1ng l\u1ea1nh<\/li>\n<\/ul>\n<p><span style=\"color: #0000ff;\">Xem th\u00eam: http:\/\/minhtranhub.vn\/product\/nuoc-uong-dong-trung-ha-thao-han-quoc\/<\/span><\/p>\n<p><span style=\"color: #ed1c24;\">3. N\u01b0\u1edbc u\u1ed1ng h\u1ed3ng s\u00e2m H\u00e0n Qu\u1ed1c<\/span><\/p>\n<p><strong>N\u01b0\u1edbc u\u1ed1ng H\u1ed3ng s\u00e2m H\u00e0n Qu\u1ed1c Korean Red Gingseng \u0111\u01b0\u1ee3c chi\u1ebft xu\u1ea5t t\u1eeb H\u1ed3ng s\u00e2m thi\u00ean nhi\u00ean 6 n\u0103m tu\u1ed5i, ch\u1ee9a \u0111\u1ea7y \u0111\u1ee7 c\u00e1c d\u1ea1ng saponin \u0111\u1eb7c tr\u01b0ng c\u1ee7a H\u1ed3ng s\u00e2m, k\u1ebft h\u1ee3p v\u1edbi c\u00e1c lo\u1ea1i th\u1ea3o d\u01b0\u1ee3c kh\u00e1c nh\u01b0 x\u00e0 x\u00e0ng, t\u00e1o \u0111\u1ecf\u2026<\/strong><\/p>\n<p><strong>M\u00f4 t\u1ea3 s\u1ea3n ph\u1ea9m:<img loading=\"lazy\" decoding=\"async\" class=\"aligncenter wp-image-242 size-full\" src=\"http:\/\/localhost\/minhtranhub\/wp-content\/uploads\/2021\/04\/slide.jpg\" alt=\"\" width=\"500\" height=\"309\" srcset=\"https:\/\/store1.k-tech-services.com\/minhtranhub\/wp-content\/uploads\/2021\/04\/slide.jpg 500w, https:\/\/store1.k-tech-services.com\/minhtranhub\/wp-content\/uploads\/2021\/04\/slide-300x185.jpg 300w\" sizes=\"auto, (max-width: 500px) 100vw, 500px\" \/><\/strong><\/p>\n<ul>\n<li><strong>\u00a0N\u01b0\u1edbc h\u1ed3ng s\u00e2m<\/strong> d\u1ea1ng l\u1ecfng, c\u00f3 m\u00e0u n\u00e2u v\u00e0ng, m\u00f9i th\u01a1m \u0111\u1eb7c tr\u01b0ng c\u1ee7a h\u1ed3ng s\u00e2m v\u00e0 c\u00f3 v\u1ecb ng\u1ecdt r\u1ea5t d\u1ec5 u\u1ed1ng.<\/li>\n<li>R\u1ea5t ti\u1ec7n l\u1ee3i khi u\u1ed1ng trong l\u00fac l\u00e0m vi\u1ec7c, l\u00e1i xe hay mang theo khi \u0111i du l\u1ecbch d\u00e0i ng\u00e0y.<\/li>\n<li>Ch\u1ee9c n\u0103ng ch\u00ednh: B\u1ed3i b\u1ed5 s\u1ee9c kh\u1ecfe \u2013 t\u0103ng c\u01b0\u1eddng s\u1ee9c \u0111\u1ec1 kh\u00e1ng.<\/li>\n<li>Dung t\u00edch: 100ml\/ chai<\/li>\n<li>Xu\u1ea5t x\u1ee9: H\u00e0n Qu\u1ed1c<\/li>\n<li>Ngon h\u01a1n khi u\u1ed1ng l\u1ea1nh<\/li>\n<\/ul>\n<p><span style=\"color: #0000ff;\">Xem th\u00eam: http:\/\/minhtranhub.vn\/product\/nuoc-uong-hong-sam-han-quoc\/<\/span><\/p>\n<p><span style=\"color: #ed1c24;\">4. Cam s\u1ea5y l\u00e1t, safaron T\u00e2y \u00c1<\/span><\/p>\n<ul>\n<li><em><strong>Ho\u1ea1t \u0111\u1ed9ng c\u1ee7a nh\u00e2n s\u00e2m Canada v\u1edbi h\u1ee3p ch\u1ea5t<\/strong><\/em><\/li>\n<li>Ginsenosides \u0111\u00e3 \u0111\u01b0\u1ee3c c\u00e1c nh\u00e0 khoa h\u1ecdc ghi nh\u1eadn c\u00f3 t\u00e1c d\u1ee5ng g\u00e2y m\u1ed9t lo\u1ea1t c\u00e1c ho\u1ea1t \u0111\u1ed9ng sinh h\u1ecdc kh\u00e1c nhau d\u1eabn \u0111\u1ebfn \u1ed5n \u0111\u1ecbnh \u0111\u01b0\u1eddng huy\u1ebft, ch\u1ed1ng vi\u00eam, t\u0103ng c\u01b0\u1eddng ho\u1ea1t \u0111\u1ed9ng tim m\u1ea1ch, t\u00e1c d\u1ee5ng b\u1ea3o v\u1ec7 v\u00e0 ch\u1ed1ng kh\u1ed1i u.<\/li>\n<li>Cam \u0111\u01b0\u1ee3c l\u1ef1a ch\u1ecdn k\u1ef9 c\u00e0ng v\u1ec1 c\u1ea3 ch\u1ea5t l\u01b0\u1ee3ng v\u00e0 ngu\u1ed3n g\u1ed1c, sau \u0111\u00f3 \u0111\u01b0\u1ee3c s\u1ea5y kh\u00f4 th\u1ee7 c\u00f4ng , lu\u00f4n \u0111\u1ea3m b\u1ea3o v\u1ec7 sinh an to\u00e0n th\u1ef1c ph\u1ea9m, gi\u00fap b\u1ea1n t\u0103ng c\u01b0\u1eddng th\u1ec3 l\u1ef1c, mi\u1ec5n d\u1ecbch, s\u1ee9c \u0111\u1ec1 kh\u00e1ng m\u00e0 c\u00f2n c\u00f3 hi\u1ec7u qu\u1ea3 th\u1ea7n k\u1ef3 trong vi\u1ec7c ng\u0103n ng\u1eeba x\u01a1 c\u1ee9ng \u0111\u1ed9ng m\u1ea1ch v\u00e0 ph\u00f2ng ch\u1ed1ng ung th\u01b0.<\/li>\n<li><strong>S\u00e2m Cam<\/strong> ch\u1ec9 \u0111\u01b0\u1ee3c s\u1ea3n xu\u1ea5t theo \u0111\u01a1n \u0111\u1eb7t h\u00e0ng n\u00ean lu\u00f4n \u0111\u1ea3m b\u1ea3o ch\u1ea5t l\u01b0\u1ee3ng t\u1ed1t nh\u1ea5t.<\/li>\n<\/ul>\n<p><strong>websize:<\/strong>\u00a0minhtranhub.vn<\/p>\n<p><strong>Facebook:<\/strong>\u00a0https:\/\/www.facebook.com\/minhtranhub<\/p>\n<p><strong>Hotline:<\/strong>\u00a00935.087.584<\/p>\n<p><strong>Mi\u1ec5n ph\u00ed giao nhanh 2h n\u1ed9i th\u00e0nh TP.HCM<\/strong><\/p>\n","protected":false},"excerpt":{"rendered":"<p>B\u1ed9 qu\u00e0 t\u1eb7ng t\u1ebft 2022 \u00fd ngh\u0129a v\u1edbi s\u1ef1 k\u1ebft h\u1ee3p c\u1ee7a c\u00e1c s\u1ea3n ph\u1ea9m nh\u00e2n s\u00e2m th\u01b0\u1ee3ng h\u1ea1ng v\u00e0 m\u1eabu m\u00e3 b\u1eaft m\u1eaft c\u00f9ng nhi\u1ec1u s\u1ef1 l\u1ef1a chon g\u1eedi \u0111\u1ebfn qu\u00fd kh\u00e1ch h\u00e0ng. B\u1ed9 qu\u00e0 t\u1eb7ng t\u1ebft -Sum v\u1ea7y l\u00e0 m\u00f3n qu\u00e0 \u0111\u1eb7c bi\u1ec7t d\u00e0nh cho c\u1ea3 gia \u0111\u00ecnh b\u1ea1n c\u00f9ng qu\u00e2y qu\u1ea7n k\u1ec3 v\u1edbi nhau nh\u1eefng c\u00e2u chuy\u1ec7n ng\u00e0y t\u1ebft y\u00ean b\u00ecnh v\u00e0 \u1ea5m \u00e1p.<\/p>\n","protected":false},"featured_media":457,"comment_status":"open","ping_status":"closed","template":"","meta":[],"product_cat":[41],"product_tag":[],"class_list":["post-456","product","type-product","status-publish","has-post-thumbnail","hentry","product_cat-qua-tang-suc-khoe"],"_links":{"self":[{"href":"https:\/\/store1.k-tech-services.com\/minhtranhub\/wp-json\/wp\/v2\/product\/456","targetHints":{"allow":["GET"]}}],"collection":[{"href":"https:\/\/store1.k-tech-services.com\/minhtranhub\/wp-json\/wp\/v2\/product"}],"about":[{"href":"https:\/\/store1.k-tech-services.com\/minhtranhub\/wp-json\/wp\/v2\/types\/product"}],"replies":[{"embeddable":true,"href":"https:\/\/store1.k-tech-services.com\/minhtranhub\/wp-json\/wp\/v2\/comments?post=456"}],"wp:featuredmedia":[{"embeddable":true,"href":"https:\/\/store1.k-tech-services.com\/minhtranhub\/wp-json\/wp\/v2\/media\/457"}],"wp:attachment":[{"href":"https:\/\/store1.k-tech-services.com\/minhtranhub\/wp-json\/wp\/v2\/media?parent=456"}],"wp:term":[{"taxonomy":"product_cat","embeddable":true,"href":"https:\/\/store1.k-tech-services.com\/minhtranhub\/wp-json\/wp\/v2\/product_cat?post=456"},{"taxonomy":"product_tag","embeddable":true,"href":"https:\/\/store1.k-tech-services.com\/minhtranhub\/wp-json\/wp\/v2\/product_tag?post=456"}],"curies":[{"name":"wp","href":"https:\/\/api.w.org\/{rel}","templated":true}]}}