{"id":8,"date":"2023-04-07T02:14:57","date_gmt":"2023-04-07T02:14:57","guid":{"rendered":"http:\/\/localhost\/dienlanh\/?page_id=8"},"modified":"2024-11-07T10:50:11","modified_gmt":"2024-11-07T10:50:11","slug":"trang-chu","status":"publish","type":"page","link":"https:\/\/store1.k-tech-services.com\/dienlanh\/","title":{"rendered":"Trang ch\u1ee7"},"content":{"rendered":"<div class=\"slider-wrapper relative\" id=\"slider-1114880375\" >\n    <div class=\"slider slider-nav-circle slider-nav-large slider-nav-light slider-style-normal\"\n        data-flickity-options='{\n            \"cellAlign\": \"center\",\n            \"imagesLoaded\": true,\n            \"lazyLoad\": 1,\n            \"freeScroll\": false,\n            \"wrapAround\": true,\n            \"autoPlay\": 6000,\n            \"pauseAutoPlayOnHover\" : true,\n            \"prevNextButtons\": true,\n            \"contain\" : true,\n            \"adaptiveHeight\" : true,\n            \"dragThreshold\" : 10,\n            \"percentPosition\": true,\n            \"pageDots\": true,\n            \"rightToLeft\": false,\n            \"draggable\": true,\n            \"selectedAttraction\": 0.1,\n            \"parallax\" : 0,\n            \"friction\": 0.6        }'\n        >\n        \n\t<div class=\"img has-hover x md-x lg-x y md-y lg-y\" id=\"image_535726150\">\n\t\t\t\t\t\t\t\t<div class=\"img-inner dark\" >\n\t\t\t<img loading=\"lazy\" decoding=\"async\" width=\"1300\" height=\"406\" src=\"https:\/\/store1.k-tech-services.com\/dienlanh\/wp-content\/uploads\/2023\/04\/baner-mr-hoang-alodigital-1.png\" class=\"attachment-original size-original\" alt=\"\" srcset=\"https:\/\/store1.k-tech-services.com\/dienlanh\/wp-content\/uploads\/2023\/04\/baner-mr-hoang-alodigital-1.png 1300w, https:\/\/store1.k-tech-services.com\/dienlanh\/wp-content\/uploads\/2023\/04\/baner-mr-hoang-alodigital-1-300x94.png 300w, https:\/\/store1.k-tech-services.com\/dienlanh\/wp-content\/uploads\/2023\/04\/baner-mr-hoang-alodigital-1-1024x320.png 1024w, https:\/\/store1.k-tech-services.com\/dienlanh\/wp-content\/uploads\/2023\/04\/baner-mr-hoang-alodigital-1-768x240.png 768w\" sizes=\"auto, (max-width: 1300px) 100vw, 1300px\" \/>\t\t\t\t\t\t\n\t\t\t\t\t<\/div>\n\t\t\t\t\t\t\t\t\n<style>\n#image_535726150 {\n  width: 100%;\n}\n<\/style>\n\t<\/div>\n\t\n\t<div class=\"img has-hover x md-x lg-x y md-y lg-y\" id=\"image_1023053011\">\n\t\t\t\t\t\t\t\t<div class=\"img-inner dark\" >\n\t\t\t<img loading=\"lazy\" decoding=\"async\" width=\"1300\" height=\"406\" src=\"https:\/\/store1.k-tech-services.com\/dienlanh\/wp-content\/uploads\/2023\/04\/baner-mr-hoang-alodigital-2.png\" class=\"attachment-original size-original\" alt=\"\" srcset=\"https:\/\/store1.k-tech-services.com\/dienlanh\/wp-content\/uploads\/2023\/04\/baner-mr-hoang-alodigital-2.png 1300w, https:\/\/store1.k-tech-services.com\/dienlanh\/wp-content\/uploads\/2023\/04\/baner-mr-hoang-alodigital-2-300x94.png 300w, https:\/\/store1.k-tech-services.com\/dienlanh\/wp-content\/uploads\/2023\/04\/baner-mr-hoang-alodigital-2-1024x320.png 1024w, https:\/\/store1.k-tech-services.com\/dienlanh\/wp-content\/uploads\/2023\/04\/baner-mr-hoang-alodigital-2-768x240.png 768w\" sizes=\"auto, (max-width: 1300px) 100vw, 1300px\" \/>\t\t\t\t\t\t\n\t\t\t\t\t<\/div>\n\t\t\t\t\t\t\t\t\n<style>\n#image_1023053011 {\n  width: 100%;\n}\n<\/style>\n\t<\/div>\n\t\n     <\/div>\n\n     <div class=\"loading-spin dark large centered\"><\/div>\n\n     \t<\/div>\n\n\n\t<section class=\"section\" id=\"section_44976046\">\n\t\t<div class=\"bg section-bg fill bg-fill  bg-loaded\" >\n\n\t\t\t\n\t\t\t\n\t\t\t\n\n\t\t<\/div>\n\n\t\t\n\n\t\t<div class=\"section-content relative\">\n\t\t\t\n<div class=\"row row-small\"  id=\"row-460442835\">\n\n\t<div id=\"col-1430709725\" class=\"col small-12 large-12\"  >\n\t\t\t\t<div class=\"col-inner\"  >\n\t\t\t\n\t\t\t\n\t<div id=\"text-2392408993\" class=\"text\">\n\t\t\n<h2 style=\"text-align: center;\"><span style=\"color: #3366ff;\"><strong>S\u1eecA CH\u1eeeA &amp; B\u1ea2O H\u00c0NH \u0110I\u1ec6N M\u00c1Y XANH<\/strong><\/span><\/h2>\n<p><img loading=\"lazy\" decoding=\"async\" class=\"size-full wp-image-77 aligncenter\" src=\"http:\/\/localhost\/dienlanh\/wp-content\/uploads\/2023\/04\/tcat-b.png\" alt=\"\" width=\"300\" height=\"10\" \/><\/p>\n\t\t\n<style>\n#text-2392408993 {\n  text-align: center;\n}\n<\/style>\n\t<\/div>\n\t\n\t\t<\/div>\n\t\t\t\t\t<\/div>\n\n\t\n<\/div>\n<div class=\"row row-small\"  id=\"row-798783693\">\n\n\t<div id=\"col-503360263\" class=\"col medium-6 small-12 large-6\"  >\n\t\t\t\t<div class=\"col-inner\"  >\n\t\t\t\n\t\t\t\n\n\t\t<div class=\"icon-box featured-box cus-icon-box icon-box-left text-left\"  >\n\t\t\t\t\t<div class=\"icon-box-img\" style=\"width: 200px\">\n\t\t\t\t<div class=\"icon\">\n\t\t\t\t\t<div class=\"icon-inner\" >\n\t\t\t\t\t\t<img loading=\"lazy\" decoding=\"async\" width=\"300\" height=\"200\" src=\"https:\/\/store1.k-tech-services.com\/dienlanh\/wp-content\/uploads\/2023\/04\/z3208679661656_3160906292b7f39012ddd34aa60efd7f-300x200-1.jpg\" class=\"attachment-medium size-medium\" alt=\"\" \/>\t\t\t\t\t<\/div>\n\t\t\t\t<\/div>\n\t\t\t<\/div>\n\t\t\t\t<div class=\"icon-box-text last-reset\">\n\t\t\t\t\t\t\t\t\t\n<ul>\n<li><strong>S\u1eecA M\u00c1Y L\u1ea0NH t\u1ea1i nh\u00e0 c\u00e1c qu\u1eadn: S\u1eeda ch\u1eefa &amp; b\u1ea3o h\u00e0nh \u201d m\u00e1y l\u1ea1nh \u00edt l\u1ea1nh \u2013 m\u00e1y l\u1ea1nh kh\u00f4ng l\u1ea1nh \u2013 m\u00e1y l\u1ea1nh ch\u1ea3y n\u01b0\u1edbc \u2013 m\u00e1y g\u1eb7p s\u1ef1 c\u1ed1 b\u00e1o l\u1ed7i ch\u1edbp \u0111\u00e8n xanh hay \u0111\u1ecf \u2013 c\u1ee5c n\u00f3ng kh\u00f4ng ho\u1ea1t \u0111\u1ed9ng \u2013 qu\u1ea1t \u0111\u1ea7u l\u1ea1nh kh\u00f4ng quay<\/strong><\/li>\n<li><strong>H\u1ed7 tr\u1ee3 c\u00e1c d\u00f2ng m\u00e1y l\u1ea1nh d\u00e1n t\u01b0\u1eddng \u2013 m\u00e1y l\u1ea1nh \u00e2m tr\u1ea7n \u2013 m\u00e1y l\u1ea1nh c\u00f4ng nghi\u1ec7p \u2013 m\u00e1y l\u1ea1nh \u00e1p tr\u1ea7n \u2026v\u2026v\u2026<\/strong><\/li>\n<\/ul>\n\t\t<\/div>\n\t<\/div>\n\t\n\t\n\t\t<\/div>\n\t\t\t\t\t<\/div>\n\n\t\n\n\t<div id=\"col-1011118037\" class=\"col medium-6 small-12 large-6\"  >\n\t\t\t\t<div class=\"col-inner\"  >\n\t\t\t\n\t\t\t\n\n\t\t<div class=\"icon-box featured-box cus-icon-box icon-box-left text-left\"  >\n\t\t\t\t\t<div class=\"icon-box-img\" style=\"width: 200px\">\n\t\t\t\t<div class=\"icon\">\n\t\t\t\t\t<div class=\"icon-inner\" >\n\t\t\t\t\t\t<img loading=\"lazy\" decoding=\"async\" width=\"300\" height=\"200\" src=\"https:\/\/store1.k-tech-services.com\/dienlanh\/wp-content\/uploads\/2023\/04\/sua-tu-lanh-dmx-300x200-1.png\" class=\"attachment-medium size-medium\" alt=\"\" \/>\t\t\t\t\t<\/div>\n\t\t\t\t<\/div>\n\t\t\t<\/div>\n\t\t\t\t<div class=\"icon-box-text last-reset\">\n\t\t\t\t\t\t\t\t\t\n<ul>\n<li><strong>S\u1eecA T\u1ee6 L\u1ea0NH t\u1ea1i nh\u00e0 c\u00e1c qu\u1eadn: S\u1eeda ch\u1eefa &amp; b\u1ea3o h\u00e0nh \u201d t\u1ee7 l\u1ea1nh kh\u00f4ng l\u1ea1nh \u2013 t\u1ee7 l\u1ea1nh \u2013 t\u1ee7 l\u1ea1nh m\u1ea5t \u0111\u00e8n \u2013 m\u00e1y b\u1ecb m\u1ea5t ngu\u1ed3n \u2013 block n\u00e9n kh\u00f4ng ho\u1ea1t \u0111\u1ed9ng \u2013 qu\u1ea1t kh\u00f4ng quay \u2013 ng\u0103n tr\u00ean kh\u00f4ng \u0111\u00f4ng \u0111\u00e1 \u2013 ng\u0103n d\u01b0\u1edbi kh\u00f4ng l\u00e0m l\u1ea1nh \u2013 roong c\u1eeda kh\u00f4ng kh\u00edt \u2013 thay roong \u2026<\/strong><\/li>\n<li><strong>H\u1ed7 tr\u1ee3 c\u00e1c d\u00f2ng t\u1ee7 l\u1ea1nh side by side \u2013 t\u1ee7 l\u1ea1nh inverter \u2013 t\u1ee7 kem\u2026v\u2026v<\/strong><\/li>\n<\/ul>\n\t\t<\/div>\n\t<\/div>\n\t\n\t\n\t\t<\/div>\n\t\t\t\t\t<\/div>\n\n\t\n<\/div>\n\t\t<\/div>\n\n\t\t\n<style>\n#section_44976046 {\n  padding-top: 30px;\n  padding-bottom: 30px;\n}\n#section_44976046 .ux-shape-divider--top svg {\n  height: 150px;\n  --divider-top-width: 100%;\n}\n#section_44976046 .ux-shape-divider--bottom svg {\n  height: 150px;\n  --divider-width: 100%;\n}\n<\/style>\n\t<\/section>\n\t\n\t<section class=\"section\" id=\"section_441200811\">\n\t\t<div class=\"bg section-bg fill bg-fill  bg-loaded\" >\n\n\t\t\t\n\t\t\t\n\t\t\t\n\n\t\t<\/div>\n\n\t\t\n\n\t\t<div class=\"section-content relative\">\n\t\t\t\n<div class=\"row row-small\"  id=\"row-2051589280\">\n\n\t<div id=\"col-937753574\" class=\"col small-12 large-12\"  >\n\t\t\t\t<div class=\"col-inner\"  >\n\t\t\t\n\t\t\t\n\t<div id=\"text-95951768\" class=\"text\">\n\t\t\n<h2 style=\"text-align: center;\"><span style=\"color: #ed1c24;\"><strong>D\u1ecaCH V\u1ee4 &#038; \u0110\u1ed0I T\u00c1C<\/strong><\/span><\/h2>\n<p><img loading=\"lazy\" decoding=\"async\" class=\"size-full wp-image-77 aligncenter\" src=\"http:\/\/live.k-tech.net.vn\/template\/dienlanh\/wp-content\/uploads\/2023\/04\/tcat-b.png\" alt=\"\" width=\"300\" height=\"10\" \/><\/p>\n\t\t\n<style>\n#text-95951768 {\n  text-align: center;\n}\n<\/style>\n\t<\/div>\n\t\n\t\t<\/div>\n\t\t\t\t\t<\/div>\n\n\t\n<\/div>\n<div class=\"row row-small\"  id=\"row-2090524927\">\n\n\t<div id=\"col-210022449\" class=\"col small-12 large-12\"  >\n\t\t\t\t<div class=\"col-inner\"  >\n\t\t\t\n\t\t\t\n\t<div class=\"img has-hover x md-x lg-x y md-y lg-y\" id=\"image_1840135092\">\n\t\t\t\t\t\t\t\t<div class=\"img-inner dark\" >\n\t\t\t<img loading=\"lazy\" decoding=\"async\" width=\"1200\" height=\"628\" src=\"https:\/\/store1.k-tech-services.com\/dienlanh\/wp-content\/uploads\/2023\/04\/baner-mr-hoang-alodigital-4.png\" class=\"attachment-original size-original\" alt=\"\" srcset=\"https:\/\/store1.k-tech-services.com\/dienlanh\/wp-content\/uploads\/2023\/04\/baner-mr-hoang-alodigital-4.png 1200w, https:\/\/store1.k-tech-services.com\/dienlanh\/wp-content\/uploads\/2023\/04\/baner-mr-hoang-alodigital-4-300x157.png 300w, https:\/\/store1.k-tech-services.com\/dienlanh\/wp-content\/uploads\/2023\/04\/baner-mr-hoang-alodigital-4-1024x536.png 1024w, https:\/\/store1.k-tech-services.com\/dienlanh\/wp-content\/uploads\/2023\/04\/baner-mr-hoang-alodigital-4-768x402.png 768w\" sizes=\"auto, (max-width: 1200px) 100vw, 1200px\" \/>\t\t\t\t\t\t\n\t\t\t\t\t<\/div>\n\t\t\t\t\t\t\t\t\n<style>\n#image_1840135092 {\n  width: 100%;\n}\n<\/style>\n\t<\/div>\n\t\n\n  \n    <div class=\"row cus-gallery large-columns-6 medium-columns-3 small-columns-2 slider row-slider slider-nav-reveal slider-nav-push\"  data-flickity-options='{\"imagesLoaded\": true, \"groupCells\": \"100%\", \"dragThreshold\" : 5, \"cellAlign\": \"left\",\"wrapAround\": true,\"prevNextButtons\": true,\"percentPosition\": true,\"pageDots\": false, \"rightToLeft\": false, \"autoPlay\" : false}'>\n\n  <div class=\"gallery-col col\" >\n          <div class=\"col-inner\">\n                        <div class=\"box has-hover gallery-box box-default\">\n              <div class=\"box-image\" >\n                <img loading=\"lazy\" decoding=\"async\" width=\"300\" height=\"100\" src=\"https:\/\/store1.k-tech-services.com\/dienlanh\/wp-content\/uploads\/2023\/04\/Samsung.jpg\" class=\"cus-gallery\" alt=\"\" ids=\"92,90,91,89,88,87\" style=\"default\" lightbox=\"false\" type=\"slider\" columns=\"6\" image_size=\"original\" \/>                                                              <\/div>\n              <div class=\"box-text text-left\" >\n                 <p><\/p>\n              <\/div>\n            <\/div>\n                      <\/div>\n         <\/div><div class=\"gallery-col col\" >\n          <div class=\"col-inner\">\n                        <div class=\"box has-hover gallery-box box-default\">\n              <div class=\"box-image\" >\n                <img loading=\"lazy\" decoding=\"async\" width=\"300\" height=\"100\" src=\"https:\/\/store1.k-tech-services.com\/dienlanh\/wp-content\/uploads\/2023\/04\/Panasonic.jpg\" class=\"cus-gallery\" alt=\"\" ids=\"92,90,91,89,88,87\" style=\"default\" lightbox=\"false\" type=\"slider\" columns=\"6\" image_size=\"original\" \/>                                                              <\/div>\n              <div class=\"box-text text-left\" >\n                 <p><\/p>\n              <\/div>\n            <\/div>\n                      <\/div>\n         <\/div><div class=\"gallery-col col\" >\n          <div class=\"col-inner\">\n                        <div class=\"box has-hover gallery-box box-default\">\n              <div class=\"box-image\" >\n                <img loading=\"lazy\" decoding=\"async\" width=\"300\" height=\"100\" src=\"https:\/\/store1.k-tech-services.com\/dienlanh\/wp-content\/uploads\/2023\/04\/LG.jpg\" class=\"cus-gallery\" alt=\"\" ids=\"92,90,91,89,88,87\" style=\"default\" lightbox=\"false\" type=\"slider\" columns=\"6\" image_size=\"original\" \/>                                                              <\/div>\n              <div class=\"box-text text-left\" >\n                 <p><\/p>\n              <\/div>\n            <\/div>\n                      <\/div>\n         <\/div><div class=\"gallery-col col\" >\n          <div class=\"col-inner\">\n                        <div class=\"box has-hover gallery-box box-default\">\n              <div class=\"box-image\" >\n                <img loading=\"lazy\" decoding=\"async\" width=\"300\" height=\"100\" src=\"https:\/\/store1.k-tech-services.com\/dienlanh\/wp-content\/uploads\/2023\/04\/sony.png\" class=\"cus-gallery\" alt=\"\" ids=\"92,90,91,89,88,87\" style=\"default\" lightbox=\"false\" type=\"slider\" columns=\"6\" image_size=\"original\" \/>                                                              <\/div>\n              <div class=\"box-text text-left\" >\n                 <p><\/p>\n              <\/div>\n            <\/div>\n                      <\/div>\n         <\/div><div class=\"gallery-col col\" >\n          <div class=\"col-inner\">\n                        <div class=\"box has-hover gallery-box box-default\">\n              <div class=\"box-image\" >\n                <img loading=\"lazy\" decoding=\"async\" width=\"300\" height=\"100\" src=\"https:\/\/store1.k-tech-services.com\/dienlanh\/wp-content\/uploads\/2023\/04\/sharp.jpg\" class=\"cus-gallery\" alt=\"\" ids=\"92,90,91,89,88,87\" style=\"default\" lightbox=\"false\" type=\"slider\" columns=\"6\" image_size=\"original\" \/>                                                              <\/div>\n              <div class=\"box-text text-left\" >\n                 <p><\/p>\n              <\/div>\n            <\/div>\n                      <\/div>\n         <\/div><div class=\"gallery-col col\" >\n          <div class=\"col-inner\">\n                        <div class=\"box has-hover gallery-box box-default\">\n              <div class=\"box-image\" >\n                <img loading=\"lazy\" decoding=\"async\" width=\"300\" height=\"100\" src=\"https:\/\/store1.k-tech-services.com\/dienlanh\/wp-content\/uploads\/2023\/04\/sanyo.jpg\" class=\"cus-gallery\" alt=\"\" ids=\"92,90,91,89,88,87\" style=\"default\" lightbox=\"false\" type=\"slider\" columns=\"6\" image_size=\"original\" \/>                                                              <\/div>\n              <div class=\"box-text text-left\" >\n                 <p><\/p>\n              <\/div>\n            <\/div>\n                      <\/div>\n         <\/div><\/div>\n\t\t<\/div>\n\t\t\t\t\t<\/div>\n\n\t\n<\/div>\n\t\t<\/div>\n\n\t\t\n<style>\n#section_441200811 {\n  padding-top: 30px;\n  padding-bottom: 30px;\n  background-color: rgb(222, 222, 222);\n}\n#section_441200811 .ux-shape-divider--top svg {\n  height: 150px;\n  --divider-top-width: 100%;\n}\n#section_441200811 .ux-shape-divider--bottom svg {\n  height: 150px;\n  --divider-width: 100%;\n}\n<\/style>\n\t<\/section>\n\t\n\t<section class=\"section\" id=\"section_499064591\">\n\t\t<div class=\"bg section-bg fill bg-fill  bg-loaded\" >\n\n\t\t\t\n\t\t\t\n\t\t\t\n\n\t\t<\/div>\n\n\t\t\n\n\t\t<div class=\"section-content relative\">\n\t\t\t\n<div class=\"row row-small\"  id=\"row-1151813605\">\n\n\t<div id=\"col-678209834\" class=\"col small-12 large-12\"  >\n\t\t\t\t<div class=\"col-inner\"  >\n\t\t\t\n\t\t\t\n\t<div id=\"text-3002246293\" class=\"text\">\n\t\t\n<h2 style=\"text-align: center;\"><span style=\"color: #ed1c24;\"><strong>CAM K\u1ebeT V\u1edaI KH\u00c1CH H\u00c0NG<\/strong><\/span><\/h2>\n<p><img loading=\"lazy\" decoding=\"async\" class=\"size-full wp-image-77 aligncenter\" src=\"http:\/\/live.k-tech.net.vn\/template\/dienlanh\/wp-content\/uploads\/2023\/04\/tcat-b.png\" alt=\"\" width=\"300\" height=\"10\" \/><\/p>\n\t\t\n<style>\n#text-3002246293 {\n  text-align: center;\n}\n<\/style>\n\t<\/div>\n\t\n\t\t<\/div>\n\t\t\t\t\t<\/div>\n\n\t\n<\/div>\n<div class=\"row align-middle\"  id=\"row-941225924\">\n\n\t<div id=\"col-419182012\" class=\"col medium-6 small-12 large-6\"  >\n\t\t\t\t<div class=\"col-inner\"  >\n\t\t\t\n\t\t\t\n\t<div class=\"img has-hover x md-x lg-x y md-y lg-y\" id=\"image_1253213963\">\n\t\t\t\t\t\t\t\t<div class=\"img-inner dark\" >\n\t\t\t<img loading=\"lazy\" decoding=\"async\" width=\"730\" height=\"348\" src=\"https:\/\/store1.k-tech-services.com\/dienlanh\/wp-content\/uploads\/2023\/04\/baner-mr-hoang-alodigital-3.png\" class=\"attachment-original size-original\" alt=\"\" srcset=\"https:\/\/store1.k-tech-services.com\/dienlanh\/wp-content\/uploads\/2023\/04\/baner-mr-hoang-alodigital-3.png 730w, https:\/\/store1.k-tech-services.com\/dienlanh\/wp-content\/uploads\/2023\/04\/baner-mr-hoang-alodigital-3-300x143.png 300w\" sizes=\"auto, (max-width: 730px) 100vw, 730px\" \/>\t\t\t\t\t\t\n\t\t\t\t\t<\/div>\n\t\t\t\t\t\t\t\t\n<style>\n#image_1253213963 {\n  width: 100%;\n}\n<\/style>\n\t<\/div>\n\t\n\t\t<\/div>\n\t\t\t\t\t<\/div>\n\n\t\n\n\t<div id=\"col-1932664771\" class=\"col medium-6 small-12 large-6\"  >\n\t\t\t\t<div class=\"col-inner\"  >\n\t\t\t\n\t\t\t\n<ul>\n<li>B\u1ea3o h\u00e0nh l\u00ean \u0111\u1ebfn 1 n\u0103m cho c\u00e1c thi\u1ebft b\u1ecb s\u1eeda ch\u1eefa<\/li>\n<li>Ph\u1ee5c v\u1ee5 kh\u00e1ch h\u00e0ng 24\/7 trong ph\u1ea1m vi n\u1ed9i th\u00e0nh H\u1ed3 Ch\u00ed Minh<\/li>\n<li>Nhi\u1ec1u k\u00eanh nh\u1eadn y\u00eau c\u1ea7u: hotline, email, tr\u1ef1c ti\u1ebfp<\/li>\n<li>C\u00f3 m\u1eb7t nhanh ch\u00f3ng t\u1ea1i nh\u00e0 v\u00e0 l\u00e0m vi\u1ec7c t\u1ea5t c\u1ea3 c\u00e1c ng\u00e0y trong tu\u1ea7n, kh\u00f4ng ngh\u1ec9 l\u1ec5 t\u1ebft.<\/li>\n<li>Nhanh ch\u00f3ng, ch\u00ednh x\u00e1c, cam k\u1ebft ch\u00ednh h\u00e3ng.<\/li>\n<li>\u0110\u1ed9i ng\u0169 k\u1ef9 thu\u1eadt \u0111\u01b0\u1ee3c \u0111\u00e0o t\u1ea1o b\u00e0i b\u1ea3n, c\u00f3 kinh nghi\u1ec7m trong vi\u1ec7c n\u1eafm b\u1eaft v\u00e0 x\u1eed l\u00fd s\u1ef1 c\u1ed1, linh ki\u1ec7n v\u00e0 ph\u1ee5 t\u00f9ng thay th\u1ebf do ch\u00ednh h\u00e3ng cung c\u1ea5p, lu\u00f4n mang l\u1ea1i hi\u1ec7u qu\u1ea3 cao trong su\u1ed1t qu\u00e1 tr\u00ecnh s\u1eed d\u1ee5ng.<\/li>\n<\/ul>\n\t\t<\/div>\n\t\t\t\t\t<\/div>\n\n\t\n<\/div>\n\t\t<\/div>\n\n\t\t\n<style>\n#section_499064591 {\n  padding-top: 30px;\n  padding-bottom: 30px;\n}\n#section_499064591 .ux-shape-divider--top svg {\n  height: 150px;\n  --divider-top-width: 100%;\n}\n#section_499064591 .ux-shape-divider--bottom svg {\n  height: 150px;\n  --divider-width: 100%;\n}\n<\/style>\n\t<\/section>\n\t\n<div class=\"row row-small\"  id=\"row-700966836\">\n\n\t<div id=\"col-84585322\" class=\"col small-12 large-12\"  >\n\t\t\t\t<div class=\"col-inner\"  >\n\t\t\t\n\t\t\t\n\t<div class=\"img has-hover x md-x lg-x y md-y lg-y\" id=\"image_688181375\">\n\t\t\t\t\t\t\t\t<div class=\"img-inner dark\" >\n\t\t\t<img loading=\"lazy\" decoding=\"async\" width=\"1300\" height=\"406\" src=\"https:\/\/store1.k-tech-services.com\/dienlanh\/wp-content\/uploads\/2023\/04\/baner-mr-hoang-alodigital-1.png\" class=\"attachment-original size-original\" alt=\"\" srcset=\"https:\/\/store1.k-tech-services.com\/dienlanh\/wp-content\/uploads\/2023\/04\/baner-mr-hoang-alodigital-1.png 1300w, https:\/\/store1.k-tech-services.com\/dienlanh\/wp-content\/uploads\/2023\/04\/baner-mr-hoang-alodigital-1-300x94.png 300w, https:\/\/store1.k-tech-services.com\/dienlanh\/wp-content\/uploads\/2023\/04\/baner-mr-hoang-alodigital-1-1024x320.png 1024w, https:\/\/store1.k-tech-services.com\/dienlanh\/wp-content\/uploads\/2023\/04\/baner-mr-hoang-alodigital-1-768x240.png 768w\" sizes=\"auto, (max-width: 1300px) 100vw, 1300px\" \/>\t\t\t\t\t\t\n\t\t\t\t\t<\/div>\n\t\t\t\t\t\t\t\t\n<style>\n#image_688181375 {\n  width: 100%;\n}\n<\/style>\n\t<\/div>\n\t\n\t\t<\/div>\n\t\t\t\t\t<\/div>\n\n\t\n<\/div>\n","protected":false},"excerpt":{"rendered":"","protected":false},"author":1,"featured_media":0,"parent":0,"menu_order":0,"comment_status":"closed","ping_status":"closed","template":"page-blank.php","meta":{"footnotes":""},"class_list":["post-8","page","type-page","status-publish","hentry"],"_links":{"self":[{"href":"https:\/\/store1.k-tech-services.com\/dienlanh\/wp-json\/wp\/v2\/pages\/8","targetHints":{"allow":["GET"]}}],"collection":[{"href":"https:\/\/store1.k-tech-services.com\/dienlanh\/wp-json\/wp\/v2\/pages"}],"about":[{"href":"https:\/\/store1.k-tech-services.com\/dienlanh\/wp-json\/wp\/v2\/types\/page"}],"author":[{"embeddable":true,"href":"https:\/\/store1.k-tech-services.com\/dienlanh\/wp-json\/wp\/v2\/users\/1"}],"replies":[{"embeddable":true,"href":"https:\/\/store1.k-tech-services.com\/dienlanh\/wp-json\/wp\/v2\/comments?post=8"}],"version-history":[{"count":19,"href":"https:\/\/store1.k-tech-services.com\/dienlanh\/wp-json\/wp\/v2\/pages\/8\/revisions"}],"predecessor-version":[{"id":118,"href":"https:\/\/store1.k-tech-services.com\/dienlanh\/wp-json\/wp\/v2\/pages\/8\/revisions\/118"}],"wp:attachment":[{"href":"https:\/\/store1.k-tech-services.com\/dienlanh\/wp-json\/wp\/v2\/media?parent=8"}],"curies":[{"name":"wp","href":"https:\/\/api.w.org\/{rel}","templated":true}]}}