{"id":88,"date":"2022-05-19T09:31:25","date_gmt":"2022-05-19T09:31:25","guid":{"rendered":"http:\/\/localhost\/chau\/?page_id=88"},"modified":"2022-05-19T10:02:50","modified_gmt":"2022-05-19T10:02:50","slug":"chinh-sach-dich-vu","status":"publish","type":"page","link":"https:\/\/store1.k-tech-services.com\/chau\/chinh-sach-dich-vu\/","title":{"rendered":"Ch\u00ednh s\u00e1ch d\u1ecbch v\u1ee5"},"content":{"rendered":"<div class=\"page-title category-title\">\n<h1 class=\"title-head\">Ch\u00ednh s\u00e1ch \u0111\u1ed5i tr\u1ea3<\/h1>\n<\/div>\n<div class=\"content-page rte\">\n<p>C\u1ea3m \u01a1n qu\u00fd kh\u00e1ch \u0111\u00e3 quan t\u00e2m \u0111\u1ebfn s\u1ea3n ph\u1ea9m v\u00e0 d\u1ecbch v\u1ee5 c\u1ee7a Ch\u1eadu Xinh Pottery<\/p>\n<p>Chinh s\u00e1ch b\u1ea3o h\u00e0nh\u00a0n\u00e0y \u00e1p d\u1ee5ng \u0111\u1ed1i v\u1edbi\u00a0s\u1ea3n ph\u1ea9m:<\/p>\n<ul>\n<li>Ch\u1eadu composite.<\/li>\n<li>Ch\u1eadu xi m\u0103ng si\u00eau\u00a0nh\u1eb9.<\/li>\n<\/ul>\n<p><strong>\u0110i\u1ec1u ki\u1ec7n ch\u1ea5p nh\u1eadn b\u1ea3o h\u00e0nh:<\/strong><\/p>\n<ul>\n<li>S\u1ea3n ph\u1ea9m b\u1ecb r\u1ea1n n\u1ee9t, bi\u1ebfn d\u1ea1ng, b\u1ec3 v\u1ee1 do vi\u1ec7c tr\u1ed3ng c\u00e2y g\u00e2y ra.<\/li>\n<li>S\u1ea3n ph\u1ea9m b\u1ecb phai nh\u1ea1t m\u00e0u s\u1eafc trong th\u1eddi gian b\u1ea3o h\u00e0nh.<\/li>\n<li>B\u1ec1 m\u1eb7t b\u1ecb \u1ed1 v\u00e0ng, ph\u1ed3ng r\u1ed9p,<\/li>\n<li>M\u00e1y b\u01a1m kh\u00f4ng ho\u1ea1t \u0111\u1ed9ng, \u0111\u00e8n led kh\u00f4ng s\u00e1ng.<\/li>\n<\/ul>\n<p><strong>\u0110i\u1ec1u ki\u1ec7n kh\u00f4ng \u0111\u01b0\u1ee3c b\u1ea3o h\u00e0nh:<\/strong><\/p>\n<ul>\n<li>S\u1ea3n ph\u1ea9m b\u1ecb h\u01b0 h\u1ea1i do c\u00e1c y\u1ebfu t\u1ed1 kh\u00e1ch quan nh\u01b0 thi\u00ean tai, h\u1ecfa ho\u1ea1n.<\/li>\n<li>Ng\u01b0\u1eddi s\u1eed d\u1ee5ng kh\u00f4ng l\u00e0m theo khuy\u1ebfn c\u00e1o s\u1eed d\u1ee5ng.<\/li>\n<li>S\u1ea3n ph\u1ea9m b\u1ecb b\u1ec3 v\u1ee1 do l\u1ef1c t\u00e1c \u0111\u1ed9ng qu\u00e1 l\u1edbn t\u1eeb v\u1eadt kh\u00e1c.<\/li>\n<li>S\u1ea3n ph\u1ea9m b\u1ecb h\u01b0 h\u1ecfng do ch\u1ee7 \u00fd.<\/li>\n<li>Kh\u00f4ng b\u1ea3o h\u00e0nh s\u1ea3n ph\u1ea9m b\u1ecb x\u01b0\u1edbc.<\/li>\n<li>C\u00e1c l\u1ed7i kh\u00f4ng ph\u1ea3i do nh\u00e0 s\u1ea3n xu\u1ea5t.<\/li>\n<\/ul>\n<p><strong>Khuy\u1ebfn c\u00e1o s\u1eed d\u1ee5ng s\u1ea3n ph\u1ea9m:<\/strong><\/p>\n<ul>\n<li>Kh\u00f4ng d\u00f9ng l\u1eeda \u0111\u1ed1t ch\u00e1y s\u1ea3n ph\u1ea9m.<\/li>\n<li>Kh\u00f4ng b\u1ecdc b\u1eb1ng m\u00e0ng PE, nilon r\u1ed3i \u0111\u1eb7t n\u01a1i \u1ea9m \u01b0\u1edbt (m\u00e0u s\u1eafc c\u00f3 th\u1ec3 b\u1ecb phai do h\u1ea5p h\u01a1i).<\/li>\n<li>Kh\u00f4ng d\u00f9ng c\u00e1c lo\u1ea1i m\u00e1y m\u00f3c c\u00f4ng nghi\u1ec7p \u0111\u1ec3 th\u1eed \u0111\u1ed9 c\u1ee9ng.<\/li>\n<\/ul>\n<p><strong>Quy tr\u00ecnh b\u1ea3o h\u00e0nh s\u1ea3n ph\u1ea9m:<\/strong><\/p>\n<ul>\n<li>Linh Pottery x\u00e1c nh\u1eadn s\u1ea3n ph\u1ea9m c\u1ea7n b\u1ea3o h\u00e0nh thu\u1ed9c di\u1ec7n c\u1ea7n b\u1ea3o h\u00e0nh.<\/li>\n<li>Ngay trong v\u00f2ng 24h, ch\u00fang t\u00f4i s\u1ebd t\u1edbi l\u1ea5y s\u1ea3n ph\u1ea9m b\u1ea3o h\u00e0nh \u0111\u1ed1i v\u1edbi kh\u00e1ch h\u00e0ng \u1edf TP.HCM, \u0110\u1ed3ng Nai, V\u0169ng T\u00e0u, Nha Trang. \u0110\u1ed1i v\u1edbi c\u00e1c v\u00f9ng kh\u00e1c, kh\u00e1ch h\u00e0ng vui l\u00f2ng g\u1eedi cho ch\u00fang t\u00f4i theo \u0111\u01b0\u1eddng b\u01b0u \u0111i\u1ec7n theo \u0111\u1ecba ch\u1ec9 ti\u1ebfp nh\u1eadn b\u00ean d\u01b0\u1edbi.\u00a0<strong>Kh\u00e1ch h\u00e0ng s\u1ebd ch\u1ecbu chi ph\u00ed g\u1eedi h\u00e0ng t\u1edbi trung t\u00e2m b\u1ea3o h\u00e0nh v\u00e0 ch\u00fang t\u00f4i s\u1ebd ch\u1ecbu ph\u00ed khi g\u1eedi h\u00e0ng l\u1ea1i cho qu\u00fd kh\u00e1ch.<\/strong><\/li>\n<li>Trong v\u00f2ng 1 \u2013 7 ng\u00e0y l\u00e0m vi\u1ec7c, ch\u00fang t\u00f4i s\u1ebd g\u1eedi s\u1ea3n ph\u1ea9m \u0111\u00e3 b\u1ea3o h\u00e0nh cho qu\u00fd kh\u00e1ch.<\/li>\n<\/ul>\n<p><strong>\u0110\u1ecba ch\u1ec9 ti\u1ebfp nh\u1eadn h\u00e0ng b\u1ea3o h\u00e0nh:<\/strong><\/p>\n<ul>\n<li><strong>Ch\u1eadu Xinh Potery<\/strong><\/li>\n<li>333 B\u00f9i H\u1eefu Ngh\u0129a &#8211; T\u00e2n V\u1ea1n\u00a0\u2013 Bi\u00ean H\u00f2a \u2013 \u0110\u1ed3ng Nai.<\/li>\n<li>\u0110i\u1ec7n tho\u1ea1i v\u00e0 Zalo: 090 191 6321<\/li>\n<li>Email: mkt@linhpottery.com<\/li>\n<li>Website: www.chauxinh.com<\/li>\n<\/ul>\n<\/div>\n","protected":false},"excerpt":{"rendered":"<p>Ch\u00ednh s\u00e1ch \u0111\u1ed5i tr\u1ea3 C\u1ea3m \u01a1n qu\u00fd kh\u00e1ch \u0111\u00e3 quan t\u00e2m \u0111\u1ebfn s\u1ea3n ph\u1ea9m v\u00e0 d\u1ecbch v\u1ee5 c\u1ee7a Ch\u1eadu Xinh Pottery Chinh s\u00e1ch b\u1ea3o h\u00e0nh\u00a0n\u00e0y \u00e1p d\u1ee5ng \u0111\u1ed1i v\u1edbi\u00a0s\u1ea3n ph\u1ea9m: Ch\u1eadu composite. Ch\u1eadu xi m\u0103ng si\u00eau\u00a0nh\u1eb9. \u0110i\u1ec1u ki\u1ec7n ch\u1ea5p nh\u1eadn b\u1ea3o h\u00e0nh: S\u1ea3n ph\u1ea9m b\u1ecb r\u1ea1n n\u1ee9t, bi\u1ebfn d\u1ea1ng, b\u1ec3 v\u1ee1 do vi\u1ec7c tr\u1ed3ng c\u00e2y [&#8230;]\n","protected":false},"author":1,"featured_media":0,"parent":0,"menu_order":0,"comment_status":"closed","ping_status":"closed","template":"","meta":{"footnotes":""},"class_list":["post-88","page","type-page","status-publish","hentry"],"_links":{"self":[{"href":"https:\/\/store1.k-tech-services.com\/chau\/wp-json\/wp\/v2\/pages\/88","targetHints":{"allow":["GET"]}}],"collection":[{"href":"https:\/\/store1.k-tech-services.com\/chau\/wp-json\/wp\/v2\/pages"}],"about":[{"href":"https:\/\/store1.k-tech-services.com\/chau\/wp-json\/wp\/v2\/types\/page"}],"author":[{"embeddable":true,"href":"https:\/\/store1.k-tech-services.com\/chau\/wp-json\/wp\/v2\/users\/1"}],"replies":[{"embeddable":true,"href":"https:\/\/store1.k-tech-services.com\/chau\/wp-json\/wp\/v2\/comments?post=88"}],"version-history":[{"count":3,"href":"https:\/\/store1.k-tech-services.com\/chau\/wp-json\/wp\/v2\/pages\/88\/revisions"}],"predecessor-version":[{"id":121,"href":"https:\/\/store1.k-tech-services.com\/chau\/wp-json\/wp\/v2\/pages\/88\/revisions\/121"}],"wp:attachment":[{"href":"https:\/\/store1.k-tech-services.com\/chau\/wp-json\/wp\/v2\/media?parent=88"}],"curies":[{"name":"wp","href":"https:\/\/api.w.org\/{rel}","templated":true}]}}