{"id":50,"date":"2022-01-17T05:09:30","date_gmt":"2022-01-17T05:09:30","guid":{"rendered":"http:\/\/localhost\/amly\/?post_type=product&#038;p=50"},"modified":"2022-01-17T05:09:55","modified_gmt":"2022-01-17T05:09:55","slug":"vang-so-aad-c7","status":"publish","type":"product","link":"https:\/\/store1.k-tech-services.com\/amly\/san-pham\/vang-so-aad-c7\/","title":{"rendered":"VANG S\u1ed0 AAD C7"},"content":{"rendered":"<p><img loading=\"lazy\" decoding=\"async\" class=\"alignnone size-medium wp-image-916\" src=\"https:\/\/winproaudio.com\/wp-content\/uploads\/2020\/08\/vang-s%E1%BB%91-aad-c8-1-300x180.jpg\" sizes=\"auto, (max-width: 300px) 100vw, 300px\" srcset=\"https:\/\/winproaudio.com\/wp-content\/uploads\/2020\/08\/vang-s\u1ed1-aad-c8-1-300x180.jpg 300w, https:\/\/winproaudio.com\/wp-content\/uploads\/2020\/08\/vang-s\u1ed1-aad-c8-1-768x461.jpg 768w, https:\/\/winproaudio.com\/wp-content\/uploads\/2020\/08\/vang-s\u1ed1-aad-c8-1-600x360.jpg 600w, https:\/\/winproaudio.com\/wp-content\/uploads\/2020\/08\/vang-s\u1ed1-aad-c8-1.jpg 800w\" alt=\"\" width=\"300\" height=\"180\" \/><\/p>\n<p>ECHO MIXER AAD-C8<\/p>\n<p>ECHO AAD- WIFI C8 -K\u1ebft n\u1ed1i v\u00e0 \u0111i\u1ec1u khi\u1ec3n tr\u1ef1c ti\u1ebfp th\u00f4ng qua \u00a0USB WIFI g\u1eafn ngo\u00e0i. \u2013 \u0110\u01b0\u1ee3c n\u00e2ng c\u1ea5p th\u00eam t\u00ednh n\u0103ng m\u1edbi ECHO STEREO cho ph\u00e9p \u0111i\u1ec1u ch\u1ec9nh ri\u00eang bi\u1ec7t ECHO t\u1eebng loa. \u2013 Micro c\u00e2n ch\u1ec9nh \u00e2m thanh ri\u00eang bi\u1ec7t ( mic1-mic2 )cho hai bi\u00ean \u0111\u1ed9 kh\u00e1c nhau, \u2013 3 ch\u1ebf \u0111\u1ed9 ch\u1ed1ng h\u00fa t\u1ef1 \u0111\u1ed9ng ( b\u1ea3o \u0111\u1ea3m khi v\u1eb7n to kh\u00f4ng r\u00edt micro) \u2013 Ch\u1ebf \u0111\u1ed9 \u0111\u1eb7t gi\u1edbi h\u1ea1n t\u1ed1t \u0111a \u00e2m l\u01b0\u1ee3ng ( b\u1ea3o \u0111\u1ea3m kh\u00f4ng ch\u00e1y loa) -T\u00edch h\u1ee3p \u0111\u1ea7y \u0111\u1ee7 Cossover, Compresor, Equalizer, Driver rack,Echo- 5in1, \u2013 \u0111\u1ed9 \u0111\u1ea7u v\u00e0o t\u1ed1i \u0111a: 4V (RMS)\u00a0ra t\u1ed1i \u0111a C\u1ea5p: 4V (RMS)\u00a0t\u0103ng k\u00eanh \u25c6 \u00e2m nh\u1ea1c: MAX: 12dB \u2013 Microphone \u0110\u1ed9 nh\u1ea1y: 64mV (Out: 4V)\u00a0SNR :&gt; 80dB \u2013 \u0110i\u1ec7n \u00e1p v\u00e0o: 220V ~ 50Hz\u00a0 \u2013 K\u00edch th\u01b0\u1edbc (L \u00d7 W \u00d7 H): 483 \u00d7 218,5 \u00d7 47.5mm\u00a0 \u2013 \u2013 Tr\u1ecdng l\u01b0\u1ee3ng: 3,5 kg \u00a0Design in USA \u00a0 \u00a0Made in:China<\/p>\n","protected":false},"excerpt":{"rendered":"<p>ECHO MIXER AAD-C8 ECHO AAD- WIFI C8 -K\u1ebft n\u1ed1i v\u00e0 \u0111i\u1ec1u khi\u1ec3n tr\u1ef1c ti\u1ebfp th\u00f4ng qua \u00a0USB WIFI g\u1eafn ngo\u00e0i. \u2013 \u0110\u01b0\u1ee3c n\u00e2ng c\u1ea5p th\u00eam t\u00ednh n\u0103ng m\u1edbi ECHO STEREO cho ph\u00e9p \u0111i\u1ec1u ch\u1ec9nh ri\u00eang bi\u1ec7t ECHO t\u1eebng loa. \u2013 Micro c\u00e2n ch\u1ec9nh \u00e2m thanh ri\u00eang bi\u1ec7t ( mic1-mic2 )cho hai bi\u00ean \u0111\u1ed9 kh\u00e1c nhau,&#8230;<\/p>\n","protected":false},"featured_media":51,"comment_status":"open","ping_status":"closed","template":"","meta":[],"product_cat":[17,19,20,21],"product_tag":[],"class_list":["post-50","product","type-product","status-publish","has-post-thumbnail","hentry","product_cat-amly","product_cat-effect","product_cat-loa","product_cat-micro"],"_links":{"self":[{"href":"https:\/\/store1.k-tech-services.com\/amly\/wp-json\/wp\/v2\/product\/50","targetHints":{"allow":["GET"]}}],"collection":[{"href":"https:\/\/store1.k-tech-services.com\/amly\/wp-json\/wp\/v2\/product"}],"about":[{"href":"https:\/\/store1.k-tech-services.com\/amly\/wp-json\/wp\/v2\/types\/product"}],"replies":[{"embeddable":true,"href":"https:\/\/store1.k-tech-services.com\/amly\/wp-json\/wp\/v2\/comments?post=50"}],"wp:featuredmedia":[{"embeddable":true,"href":"https:\/\/store1.k-tech-services.com\/amly\/wp-json\/wp\/v2\/media\/51"}],"wp:attachment":[{"href":"https:\/\/store1.k-tech-services.com\/amly\/wp-json\/wp\/v2\/media?parent=50"}],"wp:term":[{"taxonomy":"product_cat","embeddable":true,"href":"https:\/\/store1.k-tech-services.com\/amly\/wp-json\/wp\/v2\/product_cat?post=50"},{"taxonomy":"product_tag","embeddable":true,"href":"https:\/\/store1.k-tech-services.com\/amly\/wp-json\/wp\/v2\/product_tag?post=50"}],"curies":[{"name":"wp","href":"https:\/\/api.w.org\/{rel}","templated":true}]}}